{"id":8693,"date":"2023-10-15T22:32:29","date_gmt":"2023-10-15T22:32:29","guid":{"rendered":"https:\/\/hidrosistem.al\/new\/?post_type=product&#038;p=8693"},"modified":"2023-10-15T22:32:29","modified_gmt":"2023-10-15T22:32:29","slug":"tub-pp-gabbaplast-i-zi-silencioz-1-got","status":"publish","type":"product","link":"https:\/\/hidrosistem.al\/new\/product\/tub-pp-gabbaplast-i-zi-silencioz-1-got\/","title":{"rendered":"Tub pp Gabbaplast I zi silencioz (1 got)"},"content":{"rendered":"<p>Gabbaplast ia kushton k\u00ebrkimin e saj shkenc\u00ebs s\u00eb hidraulik\u00ebs p\u00ebr t\u00eb zgjidhur t\u00eb gjitha nevojat e p\u00ebrdoruesve, shp\u00ebrndar\u00ebsve dhe instaluesve n\u00eb m\u00ebnyr\u00ebn m\u00eb t\u00eb p\u00ebrshtatshme dhe profesionale, si p\u00ebr projekte n\u00eb sektorin rezidencial, tregtar, industrial dhe publik.<br \/>\nGama e produkteve Gabbaplast \u00ebsht\u00eb e gjer\u00eb, fleksib\u00ebl dhe n\u00eb p\u00ebrputhje me rregulloret e sektorit, e karakterizuar nga nj\u00eb raport i shk\u00eblqyer cil\u00ebsi\/\u00e7mim dhe i shoq\u00ebruar nga nj\u00eb nivel i lart\u00eb sh\u00ebrbimi.<\/p>\n","protected":false},"excerpt":{"rendered":"<p>Gabbaplast ia kushton k\u00ebrkimin e saj shkenc\u00ebs s\u00eb hidraulik\u00ebs p\u00ebr t\u00eb zgjidhur t\u00eb gjitha nevojat e p\u00ebrdoruesve, shp\u00ebrndar\u00ebsve dhe instaluesve<\/p>\n","protected":false},"featured_media":8695,"template":"","meta":[],"product_cat":[342],"product_tag":[],"class_list":["post-8693","product","type-product","status-publish","has-post-thumbnail","hentry","product_cat-hidraulike"],"_links":{"self":[{"href":"https:\/\/hidrosistem.al\/new\/wp-json\/wp\/v2\/product\/8693","targetHints":{"allow":["GET"]}}],"collection":[{"href":"https:\/\/hidrosistem.al\/new\/wp-json\/wp\/v2\/product"}],"about":[{"href":"https:\/\/hidrosistem.al\/new\/wp-json\/wp\/v2\/types\/product"}],"version-history":[{"count":1,"href":"https:\/\/hidrosistem.al\/new\/wp-json\/wp\/v2\/product\/8693\/revisions"}],"predecessor-version":[{"id":8736,"href":"https:\/\/hidrosistem.al\/new\/wp-json\/wp\/v2\/product\/8693\/revisions\/8736"}],"wp:featuredmedia":[{"embeddable":true,"href":"https:\/\/hidrosistem.al\/new\/wp-json\/wp\/v2\/media\/8695"}],"wp:attachment":[{"href":"https:\/\/hidrosistem.al\/new\/wp-json\/wp\/v2\/media?parent=8693"}],"wp:term":[{"taxonomy":"product_cat","embeddable":true,"href":"https:\/\/hidrosistem.al\/new\/wp-json\/wp\/v2\/product_cat?post=8693"},{"taxonomy":"product_tag","embeddable":true,"href":"https:\/\/hidrosistem.al\/new\/wp-json\/wp\/v2\/product_tag?post=8693"}],"curies":[{"name":"wp","href":"https:\/\/api.w.org\/{rel}","templated":true}]}}