{"id":8331,"date":"2023-10-15T21:07:38","date_gmt":"2023-10-15T21:07:38","guid":{"rendered":"https:\/\/hidrosistem.al\/new\/?post_type=product&#038;p=8331"},"modified":"2025-12-01T14:34:06","modified_gmt":"2025-12-01T14:34:06","slug":"demm-grup-bideje-aliascod-3120","status":"publish","type":"product","link":"https:\/\/hidrosistem.al\/new\/product\/demm-grup-bideje-aliascod-3120\/","title":{"rendered":"Grup bideje Demm Alias"},"content":{"rendered":"<p>Grupi i bidejes Demm ofron funksionim t\u00eb q\u00ebndruesh\u00ebm dhe p\u00ebrdorim t\u00eb rehatsh\u00ebm. Me dizajn praktik dhe materiale rezistente, siguron rrjedhje t\u00eb kontrolluar dhe jet\u00ebgjat\u00ebsi n\u00eb p\u00ebrdorim t\u00eb p\u00ebrditsh\u00ebm.<\/p>\n","protected":false},"excerpt":{"rendered":"<p>Grupi i bidejes Demm ofron funksionim t\u00eb q\u00ebndruesh\u00ebm dhe p\u00ebrdorim t\u00eb rehatsh\u00ebm. Me dizajn praktik dhe materiale rezistente, siguron rrjedhje<\/p>\n","protected":false},"featured_media":8339,"template":"","meta":[],"product_cat":[340,474,477],"product_tag":[],"class_list":["post-8331","product","type-product","status-publish","has-post-thumbnail","hentry","product_cat-hidrosanitare","product_cat-rubineta","product_cat-rubineta-per-bide"],"_links":{"self":[{"href":"https:\/\/hidrosistem.al\/new\/wp-json\/wp\/v2\/product\/8331","targetHints":{"allow":["GET"]}}],"collection":[{"href":"https:\/\/hidrosistem.al\/new\/wp-json\/wp\/v2\/product"}],"about":[{"href":"https:\/\/hidrosistem.al\/new\/wp-json\/wp\/v2\/types\/product"}],"version-history":[{"count":3,"href":"https:\/\/hidrosistem.al\/new\/wp-json\/wp\/v2\/product\/8331\/revisions"}],"predecessor-version":[{"id":13109,"href":"https:\/\/hidrosistem.al\/new\/wp-json\/wp\/v2\/product\/8331\/revisions\/13109"}],"wp:featuredmedia":[{"embeddable":true,"href":"https:\/\/hidrosistem.al\/new\/wp-json\/wp\/v2\/media\/8339"}],"wp:attachment":[{"href":"https:\/\/hidrosistem.al\/new\/wp-json\/wp\/v2\/media?parent=8331"}],"wp:term":[{"taxonomy":"product_cat","embeddable":true,"href":"https:\/\/hidrosistem.al\/new\/wp-json\/wp\/v2\/product_cat?post=8331"},{"taxonomy":"product_tag","embeddable":true,"href":"https:\/\/hidrosistem.al\/new\/wp-json\/wp\/v2\/product_tag?post=8331"}],"curies":[{"name":"wp","href":"https:\/\/api.w.org\/{rel}","templated":true}]}}