{"id":8260,"date":"2023-10-14T07:46:52","date_gmt":"2023-10-14T07:46:52","guid":{"rendered":"https:\/\/hidrosistem.al\/new\/?post_type=product&#038;p=8260"},"modified":"2023-11-07T08:34:32","modified_gmt":"2023-11-07T08:34:32","slug":"sarqineske-elektrike-3-rrugeshe-fi-1-1-4-per-kit-smart-sol","status":"publish","type":"product","link":"https:\/\/hidrosistem.al\/new\/product\/sarqineske-elektrike-3-rrugeshe-fi-1-1-4-per-kit-smart-sol\/","title":{"rendered":"Sarqineske elektrike 3 rrugeshe fi 1.1\/4 per kit Smart Sol"},"content":{"rendered":"<p>ECOFER prodhon produkte inovative n\u00eb p\u00ebrputhje me direktivat, standardet dhe rregulloret m\u00eb t\u00eb fundit evropiane, t\u00eb disponueshme n\u00eb tregun grek, Evrop\u00eb, Afrik\u00ebn e Veriut, Lindjen e Mesme, Emiratet e Bashkuara Arabe dhe Arabin\u00eb Saudite.<\/p>\n","protected":false},"excerpt":{"rendered":"<p>ECOFER prodhon produkte inovative n\u00eb p\u00ebrputhje me direktivat, standardet dhe rregulloret m\u00eb t\u00eb fundit evropiane, t\u00eb disponueshme n\u00eb tregun grek,<\/p>\n","protected":false},"featured_media":8261,"template":"","meta":[],"product_cat":[494],"product_tag":[],"class_list":["post-8260","product","type-product","status-publish","has-post-thumbnail","hentry","product_cat-stacion-qarkullues"],"_links":{"self":[{"href":"https:\/\/hidrosistem.al\/new\/wp-json\/wp\/v2\/product\/8260","targetHints":{"allow":["GET"]}}],"collection":[{"href":"https:\/\/hidrosistem.al\/new\/wp-json\/wp\/v2\/product"}],"about":[{"href":"https:\/\/hidrosistem.al\/new\/wp-json\/wp\/v2\/types\/product"}],"version-history":[{"count":1,"href":"https:\/\/hidrosistem.al\/new\/wp-json\/wp\/v2\/product\/8260\/revisions"}],"predecessor-version":[{"id":8262,"href":"https:\/\/hidrosistem.al\/new\/wp-json\/wp\/v2\/product\/8260\/revisions\/8262"}],"wp:featuredmedia":[{"embeddable":true,"href":"https:\/\/hidrosistem.al\/new\/wp-json\/wp\/v2\/media\/8261"}],"wp:attachment":[{"href":"https:\/\/hidrosistem.al\/new\/wp-json\/wp\/v2\/media?parent=8260"}],"wp:term":[{"taxonomy":"product_cat","embeddable":true,"href":"https:\/\/hidrosistem.al\/new\/wp-json\/wp\/v2\/product_cat?post=8260"},{"taxonomy":"product_tag","embeddable":true,"href":"https:\/\/hidrosistem.al\/new\/wp-json\/wp\/v2\/product_tag?post=8260"}],"curies":[{"name":"wp","href":"https:\/\/api.w.org\/{rel}","templated":true}]}}