{"id":7952,"date":"2023-10-09T20:58:57","date_gmt":"2023-10-09T20:58:57","guid":{"rendered":"https:\/\/hidrosistem.al\/new\/?post_type=product&#038;p=7952"},"modified":"2026-02-03T15:12:00","modified_gmt":"2026-02-03T15:12:00","slug":"doreze-kalibratori-per-tub-pex-al-pex-ape","status":"publish","type":"product","link":"https:\/\/hidrosistem.al\/new\/product\/doreze-kalibratori-per-tub-pex-al-pex-ape\/","title":{"rendered":"Dorez\u00eb Kalibratori p\u00ebr tub APE, PeXb\/Al\/PeXb"},"content":{"rendered":"<p>Doreza e Kalibratorit leht\u00ebson kontrollin dhe p\u00ebrdorimin e kalibruesit kur p\u00ebrgatiten tubat multistrat\u00eb para montimit. P\u00ebrdoret n\u00eb kombinim me kalibruesit e tubave multistrat\u00eb, p\u00ebr t\u00eb siguruar q\u00eb tubi t\u00eb jet\u00eb i p\u00ebrgatitur n\u00eb m\u00ebnyr\u00eb t\u00eb sakt\u00eb p\u00ebr lidhjet me racione, bashkim \u201cpress\u201d apo pjes\u00eb t\u00eb tjera t\u00eb sistemit. Ndihmon n\u00eb ergonomi dhe kontroll m\u00eb t\u00eb mir\u00eb gjat\u00eb operimit t\u00eb vegl\u00ebs s\u00eb kalibrimit, duke e b\u00ebr\u00eb pun\u00ebn m\u00eb t\u00eb leht\u00eb dhe precize.<\/p>\n","protected":false},"excerpt":{"rendered":"<p>Doreza e Kalibratorit leht\u00ebson kontrollin dhe p\u00ebrdorimin e kalibruesit kur p\u00ebrgatiten tubat multistrat\u00eb para montimit. P\u00ebrdoret n\u00eb kombinim me kalibruesit<\/p>\n","protected":false},"featured_media":15681,"template":"","meta":[],"product_cat":[543,509,458],"product_tag":[],"class_list":["post-7952","product","type-product","status-publish","has-post-thumbnail","hentry","product_cat-ngrohje-me-uje","product_cat-tuba-multistrat","product_cat-aksesore-te-tjere"],"_links":{"self":[{"href":"https:\/\/hidrosistem.al\/new\/wp-json\/wp\/v2\/product\/7952","targetHints":{"allow":["GET"]}}],"collection":[{"href":"https:\/\/hidrosistem.al\/new\/wp-json\/wp\/v2\/product"}],"about":[{"href":"https:\/\/hidrosistem.al\/new\/wp-json\/wp\/v2\/types\/product"}],"version-history":[{"count":3,"href":"https:\/\/hidrosistem.al\/new\/wp-json\/wp\/v2\/product\/7952\/revisions"}],"predecessor-version":[{"id":15683,"href":"https:\/\/hidrosistem.al\/new\/wp-json\/wp\/v2\/product\/7952\/revisions\/15683"}],"wp:featuredmedia":[{"embeddable":true,"href":"https:\/\/hidrosistem.al\/new\/wp-json\/wp\/v2\/media\/15681"}],"wp:attachment":[{"href":"https:\/\/hidrosistem.al\/new\/wp-json\/wp\/v2\/media?parent=7952"}],"wp:term":[{"taxonomy":"product_cat","embeddable":true,"href":"https:\/\/hidrosistem.al\/new\/wp-json\/wp\/v2\/product_cat?post=7952"},{"taxonomy":"product_tag","embeddable":true,"href":"https:\/\/hidrosistem.al\/new\/wp-json\/wp\/v2\/product_tag?post=7952"}],"curies":[{"name":"wp","href":"https:\/\/api.w.org\/{rel}","templated":true}]}}