{"id":7034,"date":"2023-10-06T00:13:13","date_gmt":"2023-10-06T00:13:13","guid":{"rendered":"https:\/\/hidrosistem.al\/new\/?post_type=product&#038;p=7034"},"modified":"2026-02-12T09:49:41","modified_gmt":"2026-02-12T09:49:41","slug":"pastrues-kallaj-cherbros2420000000","status":"publish","type":"product","link":"https:\/\/hidrosistem.al\/new\/product\/pastrues-kallaj-cherbros2420000000\/","title":{"rendered":"Pastrues p\u00ebr tub bakri CherBros Flux"},"content":{"rendered":"<p>Past\u00eb profesionale p\u00ebr p\u00ebrgatitjen dhe pastrimin e bashkimeve t\u00eb bakrit dhe aliazh\u00ebve para dhe gjat\u00eb procesit t\u00eb saldimit. Ajo largon oksidet dhe papast\u00ebrtit\u00eb nga sip\u00ebrfaqet e metaleve, leht\u00ebson rrjedhjen e substanc\u00ebs salduese dhe siguron bashkime t\u00eb forta, t\u00eb pastra dhe t\u00eb q\u00ebndrueshme \u2013 ideale p\u00ebr instalime hidraulike, sisteme ngrohjeje dhe punime metalike<\/p>\n<p>Kodi i produktit: 242000000<\/p>\n","protected":false},"excerpt":{"rendered":"<p>Past\u00eb profesionale p\u00ebr p\u00ebrgatitjen dhe pastrimin e bashkimeve t\u00eb bakrit dhe aliazh\u00ebve para dhe gjat\u00eb procesit t\u00eb saldimit. Ajo largon<\/p>\n","protected":false},"featured_media":16651,"template":"","meta":[],"product_cat":[342,458],"product_tag":[],"class_list":["post-7034","product","type-product","status-publish","has-post-thumbnail","hentry","product_cat-hidraulike","product_cat-aksesore-te-tjere"],"_links":{"self":[{"href":"https:\/\/hidrosistem.al\/new\/wp-json\/wp\/v2\/product\/7034","targetHints":{"allow":["GET"]}}],"collection":[{"href":"https:\/\/hidrosistem.al\/new\/wp-json\/wp\/v2\/product"}],"about":[{"href":"https:\/\/hidrosistem.al\/new\/wp-json\/wp\/v2\/types\/product"}],"version-history":[{"count":4,"href":"https:\/\/hidrosistem.al\/new\/wp-json\/wp\/v2\/product\/7034\/revisions"}],"predecessor-version":[{"id":16652,"href":"https:\/\/hidrosistem.al\/new\/wp-json\/wp\/v2\/product\/7034\/revisions\/16652"}],"wp:featuredmedia":[{"embeddable":true,"href":"https:\/\/hidrosistem.al\/new\/wp-json\/wp\/v2\/media\/16651"}],"wp:attachment":[{"href":"https:\/\/hidrosistem.al\/new\/wp-json\/wp\/v2\/media?parent=7034"}],"wp:term":[{"taxonomy":"product_cat","embeddable":true,"href":"https:\/\/hidrosistem.al\/new\/wp-json\/wp\/v2\/product_cat?post=7034"},{"taxonomy":"product_tag","embeddable":true,"href":"https:\/\/hidrosistem.al\/new\/wp-json\/wp\/v2\/product_tag?post=7034"}],"curies":[{"name":"wp","href":"https:\/\/api.w.org\/{rel}","templated":true}]}}