{"id":6567,"date":"2023-10-03T22:51:46","date_gmt":"2023-10-03T22:51:46","guid":{"rendered":"https:\/\/hidrosistem.al\/new\/?post_type=product&#038;p=6567"},"modified":"2023-10-03T22:52:13","modified_gmt":"2023-10-03T22:52:13","slug":"makineri-ngjitje-per-tubo-ppr-fi-7590110","status":"publish","type":"product","link":"https:\/\/hidrosistem.al\/new\/product\/makineri-ngjitje-per-tubo-ppr-fi-7590110\/","title":{"rendered":"Makineri ngjitje per tubo PPR fi 75,90,110"},"content":{"rendered":"<p>Makin\u00eb p\u00ebr saldimin e tubave plastik\u00eb PE, PP, PVDF, PB dhe aksesor\u00eb 20-63mm.<br \/>\nKa nj\u00eb k\u00ebll\u00ebf metalike.<br \/>\nPllak\u00eb elektronike me tregues n\u00eb nj\u00eb panel dixhital.<br \/>\n\u00c7el\u00ebsi ON\/OFF me termostat.<br \/>\nKall\u00ebpe saldimi me certifikat\u00eb sigurie (TUV\/GS).<br \/>\nKall\u00ebpe saldimi 75,90,110mm<br \/>\nTemperatura maksimale 315\u00b0C<\/p>\n","protected":false},"excerpt":{"rendered":"<p>Makin\u00eb p\u00ebr saldimin e tubave plastik\u00eb PE, PP, PVDF, PB dhe aksesor\u00eb 20-63mm. Ka nj\u00eb k\u00ebll\u00ebf metalike. Pllak\u00eb elektronike me<\/p>\n","protected":false},"featured_media":6568,"template":"","meta":[],"product_cat":[344],"product_tag":[],"class_list":["post-6567","product","type-product","status-publish","has-post-thumbnail","hentry","product_cat-vegla-pune"],"_links":{"self":[{"href":"https:\/\/hidrosistem.al\/new\/wp-json\/wp\/v2\/product\/6567","targetHints":{"allow":["GET"]}}],"collection":[{"href":"https:\/\/hidrosistem.al\/new\/wp-json\/wp\/v2\/product"}],"about":[{"href":"https:\/\/hidrosistem.al\/new\/wp-json\/wp\/v2\/types\/product"}],"version-history":[{"count":2,"href":"https:\/\/hidrosistem.al\/new\/wp-json\/wp\/v2\/product\/6567\/revisions"}],"predecessor-version":[{"id":6570,"href":"https:\/\/hidrosistem.al\/new\/wp-json\/wp\/v2\/product\/6567\/revisions\/6570"}],"wp:featuredmedia":[{"embeddable":true,"href":"https:\/\/hidrosistem.al\/new\/wp-json\/wp\/v2\/media\/6568"}],"wp:attachment":[{"href":"https:\/\/hidrosistem.al\/new\/wp-json\/wp\/v2\/media?parent=6567"}],"wp:term":[{"taxonomy":"product_cat","embeddable":true,"href":"https:\/\/hidrosistem.al\/new\/wp-json\/wp\/v2\/product_cat?post=6567"},{"taxonomy":"product_tag","embeddable":true,"href":"https:\/\/hidrosistem.al\/new\/wp-json\/wp\/v2\/product_tag?post=6567"}],"curies":[{"name":"wp","href":"https:\/\/api.w.org\/{rel}","templated":true}]}}