{"id":6483,"date":"2023-10-03T22:05:46","date_gmt":"2023-10-03T22:05:46","guid":{"rendered":"https:\/\/hidrosistem.al\/new\/?post_type=product&#038;p=6483"},"modified":"2023-10-03T22:05:46","modified_gmt":"2023-10-03T22:05:46","slug":"pajisje-matesezorre-prej-gome-3-cope","status":"publish","type":"product","link":"https:\/\/hidrosistem.al\/new\/product\/pajisje-matesezorre-prej-gome-3-cope\/","title":{"rendered":"Pajisje matese,zorre prej gome (3 cope)"},"content":{"rendered":"<p>Me grupet standarde t\u00eb zorr\u00ebve me presion, tekniku i sistemit t\u00eb ftohjes dhe instaluesi i ajrit t\u00eb kondicionuar mund t\u00eb punojn\u00eb n\u00eb m\u00ebnyr\u00eb t\u00eb sigurt edhe me ftoh\u00ebs me presion t\u00eb lart\u00eb. Kodimi i ngjyrave i p\u00ebrdorur parandalon konfuzionin. Rrjedhjet parandalohen nga vulat e Teflonit.<\/p>\n","protected":false},"excerpt":{"rendered":"<p>Me grupet standarde t\u00eb zorr\u00ebve me presion, tekniku i sistemit t\u00eb ftohjes dhe instaluesi i ajrit t\u00eb kondicionuar mund t\u00eb<\/p>\n","protected":false},"featured_media":6484,"template":"","meta":[],"product_cat":[344],"product_tag":[],"class_list":["post-6483","product","type-product","status-publish","has-post-thumbnail","hentry","product_cat-vegla-pune"],"_links":{"self":[{"href":"https:\/\/hidrosistem.al\/new\/wp-json\/wp\/v2\/product\/6483","targetHints":{"allow":["GET"]}}],"collection":[{"href":"https:\/\/hidrosistem.al\/new\/wp-json\/wp\/v2\/product"}],"about":[{"href":"https:\/\/hidrosistem.al\/new\/wp-json\/wp\/v2\/types\/product"}],"version-history":[{"count":1,"href":"https:\/\/hidrosistem.al\/new\/wp-json\/wp\/v2\/product\/6483\/revisions"}],"predecessor-version":[{"id":6485,"href":"https:\/\/hidrosistem.al\/new\/wp-json\/wp\/v2\/product\/6483\/revisions\/6485"}],"wp:featuredmedia":[{"embeddable":true,"href":"https:\/\/hidrosistem.al\/new\/wp-json\/wp\/v2\/media\/6484"}],"wp:attachment":[{"href":"https:\/\/hidrosistem.al\/new\/wp-json\/wp\/v2\/media?parent=6483"}],"wp:term":[{"taxonomy":"product_cat","embeddable":true,"href":"https:\/\/hidrosistem.al\/new\/wp-json\/wp\/v2\/product_cat?post=6483"},{"taxonomy":"product_tag","embeddable":true,"href":"https:\/\/hidrosistem.al\/new\/wp-json\/wp\/v2\/product_tag?post=6483"}],"curies":[{"name":"wp","href":"https:\/\/api.w.org\/{rel}","templated":true}]}}