{"id":6477,"date":"2023-10-03T22:03:14","date_gmt":"2023-10-03T22:03:14","guid":{"rendered":"https:\/\/hidrosistem.al\/new\/?post_type=product&#038;p=6477"},"modified":"2023-10-03T22:03:14","modified_gmt":"2023-10-03T22:03:14","slug":"prese-me-bateri-romax-4000","status":"publish","type":"product","link":"https:\/\/hidrosistem.al\/new\/product\/prese-me-bateri-romax-4000\/","title":{"rendered":"Prese me bateri Romax 4000"},"content":{"rendered":"<p>ROMAX 4000 \u00ebsht\u00eb nj\u00eb makin\u00eb shtyp\u00ebse elektro-hidraulike, me bateri, p\u00ebr shtypjen n\u00eb var\u00ebsi t\u00eb sistemit t\u00eb montimeve deri n\u00eb \u00d8 110 mm me 32-34 kN. Nj\u00eb teknologji e p\u00ebrmir\u00ebsuar dhe m\u00eb e fuqishme e bateris\u00eb lejon nj\u00eb rritje t\u00eb shtypjes p\u00ebr nj\u00eb karikim t\u00eb vet\u00ebm. Pesha e ul\u00ebt prej vet\u00ebm 3,6 kg dhe shp\u00ebrndarja e ekuilibruar e pesh\u00ebs redukton lodhjen dhe mund\u00ebson funksionimin n\u00eb nj\u00eb m\u00ebnyr\u00eb m\u00eb ergonomike dhe q\u00eb kursen p\u00ebrpjekje edhe gjat\u00eb p\u00ebrdorimit t\u00eb vazhduesh\u00ebm. Teknologjia CFT garanton nj\u00eb shtytje t\u00eb vazhdueshme gjat\u00eb \u00e7do cikli shtypjeje. Rritja e intervalit t\u00eb sh\u00ebrbimit prej 40,000 shtypje\/2 vjet redukton koh\u00ebn e pushimit dhe rrit produktivitetin.<\/p>\n","protected":false},"excerpt":{"rendered":"<p>ROMAX 4000 \u00ebsht\u00eb nj\u00eb makin\u00eb shtyp\u00ebse elektro-hidraulike, me bateri, p\u00ebr shtypjen n\u00eb var\u00ebsi t\u00eb sistemit t\u00eb montimeve deri n\u00eb \u00d8<\/p>\n","protected":false},"featured_media":6478,"template":"","meta":[],"product_cat":[344],"product_tag":[],"class_list":["post-6477","product","type-product","status-publish","has-post-thumbnail","hentry","product_cat-vegla-pune"],"_links":{"self":[{"href":"https:\/\/hidrosistem.al\/new\/wp-json\/wp\/v2\/product\/6477","targetHints":{"allow":["GET"]}}],"collection":[{"href":"https:\/\/hidrosistem.al\/new\/wp-json\/wp\/v2\/product"}],"about":[{"href":"https:\/\/hidrosistem.al\/new\/wp-json\/wp\/v2\/types\/product"}],"version-history":[{"count":1,"href":"https:\/\/hidrosistem.al\/new\/wp-json\/wp\/v2\/product\/6477\/revisions"}],"predecessor-version":[{"id":6479,"href":"https:\/\/hidrosistem.al\/new\/wp-json\/wp\/v2\/product\/6477\/revisions\/6479"}],"wp:featuredmedia":[{"embeddable":true,"href":"https:\/\/hidrosistem.al\/new\/wp-json\/wp\/v2\/media\/6478"}],"wp:attachment":[{"href":"https:\/\/hidrosistem.al\/new\/wp-json\/wp\/v2\/media?parent=6477"}],"wp:term":[{"taxonomy":"product_cat","embeddable":true,"href":"https:\/\/hidrosistem.al\/new\/wp-json\/wp\/v2\/product_cat?post=6477"},{"taxonomy":"product_tag","embeddable":true,"href":"https:\/\/hidrosistem.al\/new\/wp-json\/wp\/v2\/product_tag?post=6477"}],"curies":[{"name":"wp","href":"https:\/\/api.w.org\/{rel}","templated":true}]}}