{"id":6445,"date":"2023-10-03T16:13:36","date_gmt":"2023-10-03T16:13:36","guid":{"rendered":"https:\/\/hidrosistem.al\/new\/?post_type=product&#038;p=6445"},"modified":"2023-10-03T16:13:36","modified_gmt":"2023-10-03T16:13:36","slug":"flete-sharre-hekuri","status":"publish","type":"product","link":"https:\/\/hidrosistem.al\/new\/product\/flete-sharre-hekuri\/","title":{"rendered":"Flete sharre hekuri"},"content":{"rendered":"<p>Tehu i sharr\u00ebs dore HSSE 4 PLUS \u00ebsht\u00eb i p\u00ebrshtatsh\u00ebm n\u00eb m\u00ebnyr\u00eb ideale p\u00ebr prerjen e tubave dhe profileve. Fal\u00eb dh\u00ebmb\u00ebve t\u00eb vet\u00ebm t\u00eb zhvendosur, tehu i sharr\u00ebs s\u00eb dor\u00ebs shk\u00ebputet vet\u00eb. N\u00eb k\u00ebt\u00eb m\u00ebnyr\u00eb parandalohet bllokimi n\u00eb pjes\u00ebn e pun\u00ebs.<\/p>\n","protected":false},"excerpt":{"rendered":"<p>Tehu i sharr\u00ebs dore HSSE 4 PLUS \u00ebsht\u00eb i p\u00ebrshtatsh\u00ebm n\u00eb m\u00ebnyr\u00eb ideale p\u00ebr prerjen e tubave dhe profileve. Fal\u00eb<\/p>\n","protected":false},"featured_media":6446,"template":"","meta":[],"product_cat":[344],"product_tag":[],"class_list":["post-6445","product","type-product","status-publish","has-post-thumbnail","hentry","product_cat-vegla-pune"],"_links":{"self":[{"href":"https:\/\/hidrosistem.al\/new\/wp-json\/wp\/v2\/product\/6445","targetHints":{"allow":["GET"]}}],"collection":[{"href":"https:\/\/hidrosistem.al\/new\/wp-json\/wp\/v2\/product"}],"about":[{"href":"https:\/\/hidrosistem.al\/new\/wp-json\/wp\/v2\/types\/product"}],"version-history":[{"count":1,"href":"https:\/\/hidrosistem.al\/new\/wp-json\/wp\/v2\/product\/6445\/revisions"}],"predecessor-version":[{"id":6447,"href":"https:\/\/hidrosistem.al\/new\/wp-json\/wp\/v2\/product\/6445\/revisions\/6447"}],"wp:featuredmedia":[{"embeddable":true,"href":"https:\/\/hidrosistem.al\/new\/wp-json\/wp\/v2\/media\/6446"}],"wp:attachment":[{"href":"https:\/\/hidrosistem.al\/new\/wp-json\/wp\/v2\/media?parent=6445"}],"wp:term":[{"taxonomy":"product_cat","embeddable":true,"href":"https:\/\/hidrosistem.al\/new\/wp-json\/wp\/v2\/product_cat?post=6445"},{"taxonomy":"product_tag","embeddable":true,"href":"https:\/\/hidrosistem.al\/new\/wp-json\/wp\/v2\/product_tag?post=6445"}],"curies":[{"name":"wp","href":"https:\/\/api.w.org\/{rel}","templated":true}]}}