{"id":6421,"date":"2023-10-03T16:00:05","date_gmt":"2023-10-03T16:00:05","guid":{"rendered":"https:\/\/hidrosistem.al\/new\/?post_type=product&#038;p=6421"},"modified":"2023-10-03T16:00:05","modified_gmt":"2023-10-03T16:00:05","slug":"celes-papagall-90-fi-32-1-2","status":"publish","type":"product","link":"https:\/\/hidrosistem.al\/new\/product\/celes-papagall-90-fi-32-1-2\/","title":{"rendered":"Celes papagall 90\u00b0 fi 32.1\/2&#8243;"},"content":{"rendered":"<p>\u00c7el\u00ebsi i tubave me nj\u00eb dor\u00eb ALUDUR mund t\u00eb p\u00ebrdoret p\u00ebr vidhosjen, lirimin dhe sigurimin e tubave deri n\u00eb \u00d8 2.1\/2&#8243; n\u00eb shum\u00eb aplikacione t\u00eb ndryshme.<\/p>\n","protected":false},"excerpt":{"rendered":"<p>\u00c7el\u00ebsi i tubave me nj\u00eb dor\u00eb ALUDUR mund t\u00eb p\u00ebrdoret p\u00ebr vidhosjen, lirimin dhe sigurimin e tubave deri n\u00eb \u00d8<\/p>\n","protected":false},"featured_media":6422,"template":"","meta":[],"product_cat":[344],"product_tag":[],"class_list":["post-6421","product","type-product","status-publish","has-post-thumbnail","hentry","product_cat-vegla-pune"],"_links":{"self":[{"href":"https:\/\/hidrosistem.al\/new\/wp-json\/wp\/v2\/product\/6421","targetHints":{"allow":["GET"]}}],"collection":[{"href":"https:\/\/hidrosistem.al\/new\/wp-json\/wp\/v2\/product"}],"about":[{"href":"https:\/\/hidrosistem.al\/new\/wp-json\/wp\/v2\/types\/product"}],"version-history":[{"count":1,"href":"https:\/\/hidrosistem.al\/new\/wp-json\/wp\/v2\/product\/6421\/revisions"}],"predecessor-version":[{"id":6423,"href":"https:\/\/hidrosistem.al\/new\/wp-json\/wp\/v2\/product\/6421\/revisions\/6423"}],"wp:featuredmedia":[{"embeddable":true,"href":"https:\/\/hidrosistem.al\/new\/wp-json\/wp\/v2\/media\/6422"}],"wp:attachment":[{"href":"https:\/\/hidrosistem.al\/new\/wp-json\/wp\/v2\/media?parent=6421"}],"wp:term":[{"taxonomy":"product_cat","embeddable":true,"href":"https:\/\/hidrosistem.al\/new\/wp-json\/wp\/v2\/product_cat?post=6421"},{"taxonomy":"product_tag","embeddable":true,"href":"https:\/\/hidrosistem.al\/new\/wp-json\/wp\/v2\/product_tag?post=6421"}],"curies":[{"name":"wp","href":"https:\/\/api.w.org\/{rel}","templated":true}]}}