{"id":6183,"date":"2023-09-30T06:52:51","date_gmt":"2023-09-30T06:52:51","guid":{"rendered":"https:\/\/hidrosistem.al\/new\/?post_type=product&#038;p=6183"},"modified":"2025-12-04T09:11:36","modified_gmt":"2025-12-04T09:11:36","slug":"koke-dushi-360x240mm","status":"publish","type":"product","link":"https:\/\/hidrosistem.al\/new\/product\/koke-dushi-360x240mm\/","title":{"rendered":"Kok\u00eb dushi Roca 360&#215;240 mm"},"content":{"rendered":"<p><span data-sheets-value=\"{&quot;1&quot;:2,&quot;2&quot;:&quot;Koleksioni Rainsense : Gama e plot\u00eb e kokave t\u00eb dushit p\u00ebr instalim n\u00eb mur ose tavan. Sistemi i tij Easyclean parandalon krijimin e gur\u00ebve t\u00eb g\u00eblqeres.&quot;}\" data-sheets-userformat=\"{&quot;2&quot;:513,&quot;3&quot;:{&quot;1&quot;:0},&quot;12&quot;:0}\">Koleksioni Rainsense: Koka e dushit siguron shp\u00ebrndarje uniforme t\u00eb ujit, presion t\u00eb q\u00ebndruesh\u00ebm dhe nj\u00eb p\u00ebrvoj\u00eb t\u00eb k\u00ebndshme larjeje. E prodhuar nga materiale rezistente, \u00ebsht\u00eb e leht\u00eb p\u00ebr t\u2019u pastruar dhe garanton p\u00ebrdorim afatgjat\u00eb.<\/span><\/p>\n<p>Kodi i produktit ne ROCA : <span data-sheets-value=\"{&quot;1&quot;:2,&quot;2&quot;:&quot;A5B3050C00&quot;}\" data-sheets-userformat=\"{&quot;2&quot;:12929,&quot;3&quot;:{&quot;1&quot;:0},&quot;10&quot;:2,&quot;12&quot;:0,&quot;15&quot;:&quot;Calibri&quot;,&quot;16&quot;:12}\">A5B3050C00<\/span><br \/>\nDimensionet : <span data-sheets-value=\"{&quot;1&quot;:2,&quot;2&quot;:&quot;360 x 240 x 90 mm&quot;}\">360 x 240 x 90 mm<\/span><\/p>\n","protected":false},"excerpt":{"rendered":"<p>Koleksioni Rainsense: Koka e dushit siguron shp\u00ebrndarje uniforme t\u00eb ujit, presion t\u00eb q\u00ebndruesh\u00ebm dhe nj\u00eb p\u00ebrvoj\u00eb t\u00eb k\u00ebndshme larjeje. E<\/p>\n","protected":false},"featured_media":6184,"template":"","meta":[],"product_cat":[340,485,581],"product_tag":[],"class_list":["post-6183","product","type-product","status-publish","has-post-thumbnail","hentry","product_cat-hidrosanitare","product_cat-kabina-dushi","product_cat-koke-dushi"],"_links":{"self":[{"href":"https:\/\/hidrosistem.al\/new\/wp-json\/wp\/v2\/product\/6183","targetHints":{"allow":["GET"]}}],"collection":[{"href":"https:\/\/hidrosistem.al\/new\/wp-json\/wp\/v2\/product"}],"about":[{"href":"https:\/\/hidrosistem.al\/new\/wp-json\/wp\/v2\/types\/product"}],"version-history":[{"count":3,"href":"https:\/\/hidrosistem.al\/new\/wp-json\/wp\/v2\/product\/6183\/revisions"}],"predecessor-version":[{"id":12879,"href":"https:\/\/hidrosistem.al\/new\/wp-json\/wp\/v2\/product\/6183\/revisions\/12879"}],"wp:featuredmedia":[{"embeddable":true,"href":"https:\/\/hidrosistem.al\/new\/wp-json\/wp\/v2\/media\/6184"}],"wp:attachment":[{"href":"https:\/\/hidrosistem.al\/new\/wp-json\/wp\/v2\/media?parent=6183"}],"wp:term":[{"taxonomy":"product_cat","embeddable":true,"href":"https:\/\/hidrosistem.al\/new\/wp-json\/wp\/v2\/product_cat?post=6183"},{"taxonomy":"product_tag","embeddable":true,"href":"https:\/\/hidrosistem.al\/new\/wp-json\/wp\/v2\/product_tag?post=6183"}],"curies":[{"name":"wp","href":"https:\/\/api.w.org\/{rel}","templated":true}]}}