{"id":6113,"date":"2023-09-30T06:26:26","date_gmt":"2023-09-30T06:26:26","guid":{"rendered":"https:\/\/hidrosistem.al\/new\/?post_type=product&#038;p=6113"},"modified":"2025-11-18T15:11:44","modified_gmt":"2025-11-18T15:11:44","slug":"vaske-princess-1700x700x430mm","status":"publish","type":"product","link":"https:\/\/hidrosistem.al\/new\/product\/vaske-princess-1700x700x430mm\/","title":{"rendered":"Vask\u00eb Roca Princess"},"content":{"rendered":"<p><span data-sheets-value=\"{&quot;1&quot;:2,&quot;2&quot;:&quot;Koleksioni Princess : Linjat baz\u00eb dhe t\u00eb thjeshta q\u00eb p\u00ebrshtaten me trupin e njeriut p\u00ebr t\u00eb ofruar momente mir\u00ebqenieje n\u00eb baza ditore. Ky koleksion ofron nj\u00eb p\u00ebrfundim t\u00eb matur, ku funksionaliteti dhe eleganca bashkojn\u00eb forcat n\u00eb harmoni t\u00eb p\u00ebrsosur dhe q\u00eb t\u00eb b\u00ebn t\u00eb mendosh. Nj\u00eb pjes\u00eb kompakte, me cil\u00ebsi t\u00eb lart\u00eb dhe e q\u00ebndrueshme.&quot;}\" data-sheets-userformat=\"{&quot;2&quot;:513,&quot;3&quot;:{&quot;1&quot;:0},&quot;12&quot;:0}\">Koleksioni Princess : Vaska ofron nj\u00eb hap\u00ebsir\u00eb t\u00eb rehatshme p\u00ebr pushim dhe relaks, me dizajn funksional dhe linja t\u00eb pastra q\u00eb p\u00ebrshtaten me \u00e7do stil tualeti. E prodhuar nga material rezistent dhe e leht\u00eb p\u00ebr t\u2019u pastruar, garanton komoditet dhe p\u00ebrdorim afatgjat\u00eb.<\/span><\/p>\n<p>Kodi i produktit ne ROCA : <span data-sheets-value=\"{&quot;1&quot;:2,&quot;2&quot;:&quot;A220950001&quot;}\" data-sheets-userformat=\"{&quot;2&quot;:12929,&quot;3&quot;:{&quot;1&quot;:0},&quot;10&quot;:2,&quot;12&quot;:0,&quot;15&quot;:&quot;Calibri&quot;,&quot;16&quot;:12}\">A220950001<\/span><br \/>\n<span data-sheets-value=\"{&quot;1&quot;:2,&quot;2&quot;:&quot;A327641000&quot;}\" data-sheets-userformat=\"{&quot;2&quot;:12929,&quot;3&quot;:{&quot;1&quot;:0},&quot;10&quot;:2,&quot;12&quot;:0,&quot;15&quot;:&quot;Calibri&quot;,&quot;16&quot;:12}\">Dimensionet : 1700 x 700 x 430 mm<\/span><\/p>\n<p>&nbsp;<\/p>\n","protected":false},"excerpt":{"rendered":"<p>Koleksioni Princess : Vaska ofron nj\u00eb hap\u00ebsir\u00eb t\u00eb rehatshme p\u00ebr pushim dhe relaks, me dizajn funksional dhe linja t\u00eb pastra<\/p>\n","protected":false},"featured_media":6114,"template":"","meta":[],"product_cat":[340,481,483],"product_tag":[],"class_list":["post-6113","product","type-product","status-publish","has-post-thumbnail","hentry","product_cat-hidrosanitare","product_cat-vaska","product_cat-vaska-pa-hidromasazh"],"_links":{"self":[{"href":"https:\/\/hidrosistem.al\/new\/wp-json\/wp\/v2\/product\/6113","targetHints":{"allow":["GET"]}}],"collection":[{"href":"https:\/\/hidrosistem.al\/new\/wp-json\/wp\/v2\/product"}],"about":[{"href":"https:\/\/hidrosistem.al\/new\/wp-json\/wp\/v2\/types\/product"}],"version-history":[{"count":3,"href":"https:\/\/hidrosistem.al\/new\/wp-json\/wp\/v2\/product\/6113\/revisions"}],"predecessor-version":[{"id":12805,"href":"https:\/\/hidrosistem.al\/new\/wp-json\/wp\/v2\/product\/6113\/revisions\/12805"}],"wp:featuredmedia":[{"embeddable":true,"href":"https:\/\/hidrosistem.al\/new\/wp-json\/wp\/v2\/media\/6114"}],"wp:attachment":[{"href":"https:\/\/hidrosistem.al\/new\/wp-json\/wp\/v2\/media?parent=6113"}],"wp:term":[{"taxonomy":"product_cat","embeddable":true,"href":"https:\/\/hidrosistem.al\/new\/wp-json\/wp\/v2\/product_cat?post=6113"},{"taxonomy":"product_tag","embeddable":true,"href":"https:\/\/hidrosistem.al\/new\/wp-json\/wp\/v2\/product_tag?post=6113"}],"curies":[{"name":"wp","href":"https:\/\/api.w.org\/{rel}","templated":true}]}}