{"id":6002,"date":"2023-09-30T05:45:43","date_gmt":"2023-09-30T05:45:43","guid":{"rendered":"https:\/\/hidrosistem.al\/new\/?post_type=product&#038;p=6002"},"modified":"2025-12-02T09:43:07","modified_gmt":"2025-12-02T09:43:07","slug":"grup-lavamani-monodin","status":"publish","type":"product","link":"https:\/\/hidrosistem.al\/new\/product\/grup-lavamani-monodin\/","title":{"rendered":"Grup lavamani Roca Monodine"},"content":{"rendered":"<p><span data-sheets-value=\"{&quot;1&quot;:2,&quot;2&quot;:&quot;Koleksioni Monodine : Lakoret e buta dhe format e rrumbullakosura p\u00ebrcaktojn\u00eb k\u00ebt\u00eb koleksion q\u00eb shquhet p\u00ebr thjesht\u00ebsin\u00eb dhe eleganc\u00ebn e tij. Rubinetat e legenit t\u00eb k\u00ebtij koleksioni jan\u00eb pjes\u00eb e rubinetave inovative Roca me teknologji Cold Start p\u00ebr kursime m\u00eb t\u00eb m\u00ebdha t\u00eb energjis\u00eb.&quot;}\" data-sheets-userformat=\"{&quot;2&quot;:513,&quot;3&quot;:{&quot;1&quot;:0},&quot;12&quot;:0}\">Koleksioni Monodine: Dizajn elegant dhe cil\u00ebsi e garantuar. Grupi i lavamanit ROCA ofron funksionim t\u00eb q\u00ebndruesh\u00ebm dhe stil modern. I prodhuar me standardet e larta t\u00eb mark\u00ebs ROCA, garanton kursim uji, q\u00ebndrueshm\u00ebri dhe pamje elegante.<\/span><\/p>\n<p>Kodi i produktit ne ROCA : <span data-sheets-value=\"{&quot;1&quot;:2,&quot;2&quot;:&quot;A5A3098C00&quot;}\" data-sheets-userformat=\"{&quot;2&quot;:12929,&quot;3&quot;:{&quot;1&quot;:0},&quot;10&quot;:2,&quot;12&quot;:0,&quot;15&quot;:&quot;Calibri&quot;,&quot;16&quot;:12}\">A5A3098C00<\/span><\/p>\n","protected":false},"excerpt":{"rendered":"<p>Koleksioni Monodine: Dizajn elegant dhe cil\u00ebsi e garantuar. Grupi i lavamanit ROCA ofron funksionim t\u00eb q\u00ebndruesh\u00ebm dhe stil modern. I<\/p>\n","protected":false},"featured_media":6003,"template":"","meta":[],"product_cat":[340,474,475],"product_tag":[],"class_list":["post-6002","product","type-product","status-publish","has-post-thumbnail","hentry","product_cat-hidrosanitare","product_cat-rubineta","product_cat-rubineta-per-lavaman"],"_links":{"self":[{"href":"https:\/\/hidrosistem.al\/new\/wp-json\/wp\/v2\/product\/6002","targetHints":{"allow":["GET"]}}],"collection":[{"href":"https:\/\/hidrosistem.al\/new\/wp-json\/wp\/v2\/product"}],"about":[{"href":"https:\/\/hidrosistem.al\/new\/wp-json\/wp\/v2\/types\/product"}],"version-history":[{"count":2,"href":"https:\/\/hidrosistem.al\/new\/wp-json\/wp\/v2\/product\/6002\/revisions"}],"predecessor-version":[{"id":13400,"href":"https:\/\/hidrosistem.al\/new\/wp-json\/wp\/v2\/product\/6002\/revisions\/13400"}],"wp:featuredmedia":[{"embeddable":true,"href":"https:\/\/hidrosistem.al\/new\/wp-json\/wp\/v2\/media\/6003"}],"wp:attachment":[{"href":"https:\/\/hidrosistem.al\/new\/wp-json\/wp\/v2\/media?parent=6002"}],"wp:term":[{"taxonomy":"product_cat","embeddable":true,"href":"https:\/\/hidrosistem.al\/new\/wp-json\/wp\/v2\/product_cat?post=6002"},{"taxonomy":"product_tag","embeddable":true,"href":"https:\/\/hidrosistem.al\/new\/wp-json\/wp\/v2\/product_tag?post=6002"}],"curies":[{"name":"wp","href":"https:\/\/api.w.org\/{rel}","templated":true}]}}