{"id":5861,"date":"2023-09-29T22:51:33","date_gmt":"2023-09-29T22:51:33","guid":{"rendered":"https:\/\/hidrosistem.al\/new\/?post_type=product&#038;p=5861"},"modified":"2025-12-02T10:11:01","modified_gmt":"2025-12-02T10:11:01","slug":"grup-pishuari-kendore","status":"publish","type":"product","link":"https:\/\/hidrosistem.al\/new\/product\/grup-pishuari-kendore\/","title":{"rendered":"Grup Pishuari k\u00ebndore"},"content":{"rendered":"<p><span data-sheets-value=\"{&quot;1&quot;:2,&quot;2&quot;:&quot;Koleksioni Instant : Linj\u00eb \u00e7ezmesh me koh\u00ebmat\u00ebs me nj\u00eb dizajn t\u00eb thjesht\u00eb dhe shum\u00eb modern. Ky koleksion ofron nj\u00eb zgjidhje optimale p\u00ebr hap\u00ebsirat publike, t\u00eb p\u00ebrshtatshme p\u00ebr t\u00eb gjitha llojet e legen\u00ebve dhe lavaman\u00ebve t\u00eb kuzhin\u00ebs (edhe p\u00ebr p\u00ebrdorim nga f\u00ebmij\u00ebt).&quot;}\" data-sheets-userformat=\"{&quot;2&quot;:513,&quot;3&quot;:{&quot;1&quot;:0},&quot;12&quot;:0}\">Koleksioni Instant: Kontroll i sakt\u00eb dhe funksionim higjienik. Grupi i pishuarit siguron shp\u00ebrndarje efikase t\u00eb ujit dhe funksionim t\u00eb besuesh\u00ebm. Me dizajn praktik dhe materiale rezistente, ofron instalim t\u00eb leht\u00eb dhe p\u00ebrdorim afatgjat\u00eb.<\/span><\/p>\n<p>Kodi i produktit ne ROCA : <span data-sheets-value=\"{&quot;1&quot;:2,&quot;2&quot;:&quot;A5A9077C00&quot;}\" data-sheets-userformat=\"{&quot;2&quot;:12929,&quot;3&quot;:{&quot;1&quot;:0},&quot;10&quot;:2,&quot;12&quot;:0,&quot;15&quot;:&quot;Calibri&quot;,&quot;16&quot;:12}\">A5A9077C00<\/span><\/p>\n","protected":false},"excerpt":{"rendered":"<p>Koleksioni Instant: Kontroll i sakt\u00eb dhe funksionim higjienik. Grupi i pishuarit siguron shp\u00ebrndarje efikase t\u00eb ujit dhe funksionim t\u00eb besuesh\u00ebm.<\/p>\n","protected":false},"featured_media":5862,"template":"","meta":[],"product_cat":[340,474,480],"product_tag":[],"class_list":["post-5861","product","type-product","status-publish","has-post-thumbnail","hentry","product_cat-hidrosanitare","product_cat-rubineta","product_cat-aksesore-te-tjere-rubineteri"],"_links":{"self":[{"href":"https:\/\/hidrosistem.al\/new\/wp-json\/wp\/v2\/product\/5861","targetHints":{"allow":["GET"]}}],"collection":[{"href":"https:\/\/hidrosistem.al\/new\/wp-json\/wp\/v2\/product"}],"about":[{"href":"https:\/\/hidrosistem.al\/new\/wp-json\/wp\/v2\/types\/product"}],"version-history":[{"count":3,"href":"https:\/\/hidrosistem.al\/new\/wp-json\/wp\/v2\/product\/5861\/revisions"}],"predecessor-version":[{"id":13434,"href":"https:\/\/hidrosistem.al\/new\/wp-json\/wp\/v2\/product\/5861\/revisions\/13434"}],"wp:featuredmedia":[{"embeddable":true,"href":"https:\/\/hidrosistem.al\/new\/wp-json\/wp\/v2\/media\/5862"}],"wp:attachment":[{"href":"https:\/\/hidrosistem.al\/new\/wp-json\/wp\/v2\/media?parent=5861"}],"wp:term":[{"taxonomy":"product_cat","embeddable":true,"href":"https:\/\/hidrosistem.al\/new\/wp-json\/wp\/v2\/product_cat?post=5861"},{"taxonomy":"product_tag","embeddable":true,"href":"https:\/\/hidrosistem.al\/new\/wp-json\/wp\/v2\/product_tag?post=5861"}],"curies":[{"name":"wp","href":"https:\/\/api.w.org\/{rel}","templated":true}]}}