{"id":5707,"date":"2023-09-29T20:50:05","date_gmt":"2023-09-29T20:50:05","guid":{"rendered":"https:\/\/hidrosistem.al\/new\/?post_type=product&#038;p=5707"},"modified":"2025-11-19T07:58:12","modified_gmt":"2025-11-19T07:58:12","slug":"kaset-inkaso-duplo-me-konstruksion-te-plote-blu-dn90-dn100","status":"publish","type":"product","link":"https:\/\/hidrosistem.al\/new\/product\/kaset-inkaso-duplo-me-konstruksion-te-plote-blu-dn90-dn100\/","title":{"rendered":"Kaset\u00eb inkaso Roca Duplo me konstruksion t\u00eb plot\u00eb"},"content":{"rendered":"<p><span data-sheets-value=\"{&quot;1&quot;:2,&quot;2&quot;:&quot;Koleksioni In Wall : Sisteme q\u00eb kombinojn\u00eb efikasitetin dhe teknologjin\u00eb p\u00ebr t\u00eb ofruar performanc\u00ebn m\u00eb t\u00eb mir\u00eb.&quot;}\" data-sheets-userformat=\"{&quot;2&quot;:513,&quot;3&quot;:{&quot;1&quot;:0},&quot;12&quot;:0}\">Koleksioni In Wall: Kaset\u00eb Inkaso, zgjidhje moderne dhe e fsheht\u00eb p\u00ebr shkarkim efikas. Kaseta inkaso ofron nj\u00eb sistem shkarkimi t\u00eb integruar, t\u00eb fshehur brenda murit, duke garantuar estetike t\u00eb past\u00ebr dhe funksionim t\u00eb qet\u00eb. Me mekaniz\u00ebm t\u00eb q\u00ebndruesh\u00ebm, kursim uji dhe instalim t\u00eb sigurt, \u00ebsht\u00eb zgjedhja ideale p\u00ebr tualete moderne dhe praktike.<\/span><\/p>\n<p>Kodi i produktit ne ROCA : <span data-sheets-value=\"{&quot;1&quot;:2,&quot;2&quot;:&quot;A890090020&quot;}\" data-sheets-userformat=\"{&quot;2&quot;:12929,&quot;3&quot;:{&quot;1&quot;:0},&quot;10&quot;:2,&quot;12&quot;:0,&quot;15&quot;:&quot;Calibri&quot;,&quot;16&quot;:12}\">A890090020<\/span><br \/>\nDimensionet : <span data-sheets-value=\"{&quot;1&quot;:2,&quot;2&quot;:&quot;500 x 140 x 1120 mm&quot;}\">500 x 140 x 1120 mm<\/span><\/p>\n","protected":false},"excerpt":{"rendered":"<p>Koleksioni In Wall: Kaset\u00eb Inkaso, zgjidhje moderne dhe e fsheht\u00eb p\u00ebr shkarkim efikas. Kaseta inkaso ofron nj\u00eb sistem shkarkimi t\u00eb<\/p>\n","protected":false},"featured_media":5708,"template":"","meta":[],"product_cat":[340,489,528],"product_tag":[],"class_list":["post-5707","product","type-product","status-publish","has-post-thumbnail","hentry","product_cat-hidrosanitare","product_cat-kaseta-inkaso","product_cat-kaseta"],"_links":{"self":[{"href":"https:\/\/hidrosistem.al\/new\/wp-json\/wp\/v2\/product\/5707","targetHints":{"allow":["GET"]}}],"collection":[{"href":"https:\/\/hidrosistem.al\/new\/wp-json\/wp\/v2\/product"}],"about":[{"href":"https:\/\/hidrosistem.al\/new\/wp-json\/wp\/v2\/types\/product"}],"version-history":[{"count":4,"href":"https:\/\/hidrosistem.al\/new\/wp-json\/wp\/v2\/product\/5707\/revisions"}],"predecessor-version":[{"id":12818,"href":"https:\/\/hidrosistem.al\/new\/wp-json\/wp\/v2\/product\/5707\/revisions\/12818"}],"wp:featuredmedia":[{"embeddable":true,"href":"https:\/\/hidrosistem.al\/new\/wp-json\/wp\/v2\/media\/5708"}],"wp:attachment":[{"href":"https:\/\/hidrosistem.al\/new\/wp-json\/wp\/v2\/media?parent=5707"}],"wp:term":[{"taxonomy":"product_cat","embeddable":true,"href":"https:\/\/hidrosistem.al\/new\/wp-json\/wp\/v2\/product_cat?post=5707"},{"taxonomy":"product_tag","embeddable":true,"href":"https:\/\/hidrosistem.al\/new\/wp-json\/wp\/v2\/product_tag?post=5707"}],"curies":[{"name":"wp","href":"https:\/\/api.w.org\/{rel}","templated":true}]}}