{"id":5478,"date":"2023-09-29T18:44:33","date_gmt":"2023-09-29T18:44:33","guid":{"rendered":"https:\/\/hidrosistem.al\/new\/?post_type=product&#038;p=5478"},"modified":"2025-12-01T14:58:00","modified_gmt":"2025-12-01T14:58:00","slug":"debba-kollone-lavamani-e-plote-e-bardhe","status":"publish","type":"product","link":"https:\/\/hidrosistem.al\/new\/product\/debba-kollone-lavamani-e-plote-e-bardhe\/","title":{"rendered":"Kollone Lavamani Roca Debba e plot\u00eb e bardh\u00eb"},"content":{"rendered":"<p><span data-sheets-value=\"{&quot;1&quot;:2,&quot;2&quot;:&quot;Koleksioni Debba : Nj\u00eb koleksion me nj\u00eb gam\u00eb t\u00eb gjer\u00eb zgjidhjesh q\u00eb, e kombinuar me dizajnin e tij t\u00eb matur dhe aktual, e b\u00ebjn\u00eb at\u00eb t\u00eb adaptuesh\u00ebm n\u00eb \u00e7do hap\u00ebsir\u00eb t\u00eb banj\u00ebs.&quot;}\" data-sheets-userformat=\"{&quot;2&quot;:513,&quot;3&quot;:{&quot;1&quot;:0},&quot;12&quot;:0}\">Koleksioni Debba: Kollona e lavamanit mbulon instalimet dhe krijon nj\u00eb pamje t\u00eb rregullt n\u00eb tualet. E prodhuar nga qeramik\u00eb cil\u00ebsore, ofron q\u00ebndrueshm\u00ebri, estetik\u00eb dhe pastrim t\u00eb leht\u00eb.<\/span><\/p>\n<p>Kodi i produktit ne ROCA : <span data-sheets-value=\"{&quot;1&quot;:2,&quot;2&quot;:&quot;A335990000&quot;}\" data-sheets-userformat=\"{&quot;2&quot;:12929,&quot;3&quot;:{&quot;1&quot;:0},&quot;10&quot;:2,&quot;12&quot;:0,&quot;15&quot;:&quot;Calibri&quot;,&quot;16&quot;:12}\">A335990000<\/span><br \/>\nDimensionet : <span data-sheets-value=\"{&quot;1&quot;:2,&quot;2&quot;:&quot;180 x 140 x 720 mm&quot;}\">180 x 140 x 720 mm<\/span><\/p>\n","protected":false},"excerpt":{"rendered":"<p>Koleksioni Debba: Kollona e lavamanit mbulon instalimet dhe krijon nj\u00eb pamje t\u00eb rregullt n\u00eb tualet. E prodhuar nga qeramik\u00eb cil\u00ebsore,<\/p>\n","protected":false},"featured_media":5481,"template":"","meta":[],"product_cat":[340,466,473],"product_tag":[],"class_list":["post-5478","product","type-product","status-publish","has-post-thumbnail","hentry","product_cat-hidrosanitare","product_cat-sanitare","product_cat-aksesore-te-tjere-sanitare"],"_links":{"self":[{"href":"https:\/\/hidrosistem.al\/new\/wp-json\/wp\/v2\/product\/5478","targetHints":{"allow":["GET"]}}],"collection":[{"href":"https:\/\/hidrosistem.al\/new\/wp-json\/wp\/v2\/product"}],"about":[{"href":"https:\/\/hidrosistem.al\/new\/wp-json\/wp\/v2\/types\/product"}],"version-history":[{"count":3,"href":"https:\/\/hidrosistem.al\/new\/wp-json\/wp\/v2\/product\/5478\/revisions"}],"predecessor-version":[{"id":13159,"href":"https:\/\/hidrosistem.al\/new\/wp-json\/wp\/v2\/product\/5478\/revisions\/13159"}],"wp:featuredmedia":[{"embeddable":true,"href":"https:\/\/hidrosistem.al\/new\/wp-json\/wp\/v2\/media\/5481"}],"wp:attachment":[{"href":"https:\/\/hidrosistem.al\/new\/wp-json\/wp\/v2\/media?parent=5478"}],"wp:term":[{"taxonomy":"product_cat","embeddable":true,"href":"https:\/\/hidrosistem.al\/new\/wp-json\/wp\/v2\/product_cat?post=5478"},{"taxonomy":"product_tag","embeddable":true,"href":"https:\/\/hidrosistem.al\/new\/wp-json\/wp\/v2\/product_tag?post=5478"}],"curies":[{"name":"wp","href":"https:\/\/api.w.org\/{rel}","templated":true}]}}