{"id":5449,"date":"2023-09-29T18:34:41","date_gmt":"2023-09-29T18:34:41","guid":{"rendered":"https:\/\/hidrosistem.al\/new\/?post_type=product&#038;p=5449"},"modified":"2025-11-18T11:49:04","modified_gmt":"2025-11-18T11:49:04","slug":"bide-toksore-e-bardhe-2","status":"publish","type":"product","link":"https:\/\/hidrosistem.al\/new\/product\/bide-toksore-e-bardhe-2\/","title":{"rendered":"Bide tok\u00ebsore Roca Debba"},"content":{"rendered":"<p><span data-sheets-value=\"{&quot;1&quot;:2,&quot;2&quot;:&quot;Koleksioni Debba : Nj\u00eb koleksion me nj\u00eb gam\u00eb t\u00eb gjer\u00eb zgjidhjesh q\u00eb, e kombinuar me dizajnin e tij t\u00eb matur dhe aktual, e b\u00ebjn\u00eb at\u00eb t\u00eb adaptuesh\u00ebm n\u00eb \u00e7do hap\u00ebsir\u00eb t\u00eb banj\u00ebs.&quot;}\" data-sheets-userformat=\"{&quot;2&quot;:513,&quot;3&quot;:{&quot;1&quot;:0},&quot;12&quot;:0}\">Koleksioni Debba: P<\/span>rakticitet, higjien\u00eb dhe dizajn i past\u00ebr.\u00a0Bideja toksore e bardh\u00eb Debba nga Roca ofron nj\u00eb zgjidhje higjienike dhe funksionale p\u00ebr \u00e7do banjo moderne. E prodhuar me material t\u00eb cil\u00ebsis\u00eb s\u00eb lart\u00eb, kjo bide siguron rezistenc\u00eb afatgjat\u00eb, pastrohet me leht\u00ebsi dhe ruan shk\u00eblqimin p\u00ebr vite. Instalimi n\u00eb dysheme garanton stabilitet maksimal dhe funksion optimal t\u00eb uj\u00ebrrjedh\u00ebs.<\/p>\n<p>Kodi i produktit ne ROCA : <span data-sheets-value=\"{&quot;1&quot;:2,&quot;2&quot;:&quot;A355997000&quot;}\" data-sheets-userformat=\"{&quot;2&quot;:12929,&quot;3&quot;:{&quot;1&quot;:0},&quot;10&quot;:2,&quot;12&quot;:0,&quot;15&quot;:&quot;Calibri&quot;,&quot;16&quot;:12}\">A355997000<\/span><br \/>\nDimensionet : <span data-sheets-value=\"{&quot;1&quot;:2,&quot;2&quot;:&quot;355 x 520 x 400 mm&quot;}\">355 x 520 x 400 mm<\/span><\/p>\n","protected":false},"excerpt":{"rendered":"<p>Koleksioni Debba: Prakticitet, higjien\u00eb dhe dizajn i past\u00ebr.\u00a0Bideja toksore e bardh\u00eb Debba nga Roca ofron nj\u00eb zgjidhje higjienike dhe funksionale<\/p>\n","protected":false},"featured_media":5450,"template":"","meta":[],"product_cat":[340,466,468],"product_tag":[],"class_list":["post-5449","product","type-product","status-publish","has-post-thumbnail","hentry","product_cat-hidrosanitare","product_cat-sanitare","product_cat-bide"],"_links":{"self":[{"href":"https:\/\/hidrosistem.al\/new\/wp-json\/wp\/v2\/product\/5449","targetHints":{"allow":["GET"]}}],"collection":[{"href":"https:\/\/hidrosistem.al\/new\/wp-json\/wp\/v2\/product"}],"about":[{"href":"https:\/\/hidrosistem.al\/new\/wp-json\/wp\/v2\/types\/product"}],"version-history":[{"count":3,"href":"https:\/\/hidrosistem.al\/new\/wp-json\/wp\/v2\/product\/5449\/revisions"}],"predecessor-version":[{"id":12783,"href":"https:\/\/hidrosistem.al\/new\/wp-json\/wp\/v2\/product\/5449\/revisions\/12783"}],"wp:featuredmedia":[{"embeddable":true,"href":"https:\/\/hidrosistem.al\/new\/wp-json\/wp\/v2\/media\/5450"}],"wp:attachment":[{"href":"https:\/\/hidrosistem.al\/new\/wp-json\/wp\/v2\/media?parent=5449"}],"wp:term":[{"taxonomy":"product_cat","embeddable":true,"href":"https:\/\/hidrosistem.al\/new\/wp-json\/wp\/v2\/product_cat?post=5449"},{"taxonomy":"product_tag","embeddable":true,"href":"https:\/\/hidrosistem.al\/new\/wp-json\/wp\/v2\/product_tag?post=5449"}],"curies":[{"name":"wp","href":"https:\/\/api.w.org\/{rel}","templated":true}]}}