{"id":5372,"date":"2023-09-29T17:56:52","date_gmt":"2023-09-29T17:56:52","guid":{"rendered":"https:\/\/hidrosistem.al\/new\/?post_type=product&#038;p=5372"},"modified":"2025-12-02T09:57:52","modified_gmt":"2025-12-02T09:57:52","slug":"kaset-wc-je-carmen-3-8","status":"publish","type":"product","link":"https:\/\/hidrosistem.al\/new\/product\/kaset-wc-je-carmen-3-8\/","title":{"rendered":"Kaset WC Carmen 3\/8"},"content":{"rendered":"<p><span data-sheets-value=\"{&quot;1&quot;:2,&quot;2&quot;:&quot;Koleksioni Carmen : Carmen \u00ebsht\u00eb nj\u00eb nga lavaman\u00ebt m\u00eb ikon\u00eb t\u00eb Roca-s nga vitet 1940, i cili kthehet me nj\u00eb karakter t\u00eb past\u00ebr vintage p\u00ebr t'u b\u00ebr\u00eb nj\u00eb koleksion prej porcelani dhe mobiljesh me risit\u00eb m\u00eb t\u00eb fundit n\u00eb dizajnimin e hap\u00ebsirave t\u00eb banj\u00ebs.&quot;}\" data-sheets-userformat=\"{&quot;2&quot;:513,&quot;3&quot;:{&quot;1&quot;:0},&quot;12&quot;:0}\">Koleksioni Carmen: Kaseta WC siguron shkarkim efikas dhe t\u00eb qet\u00eb, duke ofruar besueshm\u00ebri t\u00eb lart\u00eb dhe konsum t\u00eb reduktuar t\u00eb ujit. E prodhuar nga materiale cil\u00ebsore me mekaniz\u00ebm t\u00eb q\u00ebndruesh\u00ebm, garanton performanc\u00eb afatgjat\u00eb dhe mir\u00ebmbajtje minimale.<\/span><\/p>\n<p>Kodi i produktit ne ROCA : <span data-sheets-value=\"{&quot;1&quot;:2,&quot;2&quot;:&quot;A3410A1000&quot;}\" data-sheets-userformat=\"{&quot;2&quot;:12929,&quot;3&quot;:{&quot;1&quot;:0},&quot;10&quot;:2,&quot;12&quot;:0,&quot;15&quot;:&quot;Calibri&quot;,&quot;16&quot;:12}\">A3410A1000<\/span><br \/>\nDimensionet : <span data-sheets-value=\"{&quot;1&quot;:2,&quot;2&quot;:&quot;415 x 155 x 370 mm&quot;}\">415 x 155 x 370 mm<\/span><\/p>\n","protected":false},"excerpt":{"rendered":"<p>Koleksioni Carmen: Kaseta WC siguron shkarkim efikas dhe t\u00eb qet\u00eb, duke ofruar besueshm\u00ebri t\u00eb lart\u00eb dhe konsum t\u00eb reduktuar t\u00eb<\/p>\n","protected":false},"featured_media":5376,"template":"","meta":[],"product_cat":[340,489,528],"product_tag":[],"class_list":["post-5372","product","type-product","status-publish","has-post-thumbnail","hentry","product_cat-hidrosanitare","product_cat-kaseta-inkaso","product_cat-kaseta"],"_links":{"self":[{"href":"https:\/\/hidrosistem.al\/new\/wp-json\/wp\/v2\/product\/5372","targetHints":{"allow":["GET"]}}],"collection":[{"href":"https:\/\/hidrosistem.al\/new\/wp-json\/wp\/v2\/product"}],"about":[{"href":"https:\/\/hidrosistem.al\/new\/wp-json\/wp\/v2\/types\/product"}],"version-history":[{"count":4,"href":"https:\/\/hidrosistem.al\/new\/wp-json\/wp\/v2\/product\/5372\/revisions"}],"predecessor-version":[{"id":13418,"href":"https:\/\/hidrosistem.al\/new\/wp-json\/wp\/v2\/product\/5372\/revisions\/13418"}],"wp:featuredmedia":[{"embeddable":true,"href":"https:\/\/hidrosistem.al\/new\/wp-json\/wp\/v2\/media\/5376"}],"wp:attachment":[{"href":"https:\/\/hidrosistem.al\/new\/wp-json\/wp\/v2\/media?parent=5372"}],"wp:term":[{"taxonomy":"product_cat","embeddable":true,"href":"https:\/\/hidrosistem.al\/new\/wp-json\/wp\/v2\/product_cat?post=5372"},{"taxonomy":"product_tag","embeddable":true,"href":"https:\/\/hidrosistem.al\/new\/wp-json\/wp\/v2\/product_tag?post=5372"}],"curies":[{"name":"wp","href":"https:\/\/api.w.org\/{rel}","templated":true}]}}