{"id":5310,"date":"2023-09-29T17:34:46","date_gmt":"2023-09-29T17:34:46","guid":{"rendered":"https:\/\/hidrosistem.al\/new\/?post_type=product&#038;p=5310"},"modified":"2025-12-01T07:48:50","modified_gmt":"2025-12-01T07:48:50","slug":"lavaman-inkaso-bol-i-rrumbullaket-420x420x230mm","status":"publish","type":"product","link":"https:\/\/hidrosistem.al\/new\/product\/lavaman-inkaso-bol-i-rrumbullaket-420x420x230mm\/","title":{"rendered":"Lavaman inkaso Roca Bol i rrumbullak\u00ebt 420x420x230 mm"},"content":{"rendered":"<p><span data-sheets-value=\"{&quot;1&quot;:2,&quot;2&quot;:&quot;Koleksioni BOL : Ky koleksion \u00ebsht\u00eb propozimi stilistik ku ngroht\u00ebsia dhe qet\u00ebsia bashkojn\u00eb forcat p\u00ebr t\u00eb krijuar nj\u00eb koleksion solid dhe t\u00eb ve\u00e7ant\u00eb t\u00eb frym\u00ebzuar nga ekuilibri dhe dallimi i formave gjeometrike.&quot;}\" data-sheets-userformat=\"{&quot;2&quot;:513,&quot;3&quot;:{&quot;1&quot;:0},&quot;12&quot;:0}\">Koleksioni BOL: Lavamani inkaso integrohet perfekt n\u00eb mobilje duke krijuar nj\u00eb pamje moderne dhe t\u00eb past\u00ebr. Dizajni i tij praktik dhe materiali rezistent garantojn\u00eb p\u00ebrdorim t\u00eb p\u00ebrditsh\u00ebm t\u00eb q\u00ebndruesh\u00ebm dhe pastrim t\u00eb leht\u00eb.<\/span><\/p>\n<p>Kodi i produktit ne ROCA : <span data-sheets-value=\"{&quot;1&quot;:2,&quot;2&quot;:&quot;A327876000&quot;}\" data-sheets-userformat=\"{&quot;2&quot;:12929,&quot;3&quot;:{&quot;1&quot;:0},&quot;10&quot;:2,&quot;12&quot;:0,&quot;15&quot;:&quot;Calibri&quot;,&quot;16&quot;:12}\">A327876000<\/span><br \/>\nDimensionet : <span data-sheets-value=\"{&quot;1&quot;:2,&quot;2&quot;:&quot;420 x 420 x 230 mm&quot;}\">420 x 420 x 230 mm<\/span><\/p>\n","protected":false},"excerpt":{"rendered":"<p>Koleksioni BOL: Lavamani inkaso integrohet perfekt n\u00eb mobilje duke krijuar nj\u00eb pamje moderne dhe t\u00eb past\u00ebr. Dizajni i tij praktik<\/p>\n","protected":false},"featured_media":5313,"template":"","meta":[],"product_cat":[340,466,469],"product_tag":[],"class_list":["post-5310","product","type-product","status-publish","has-post-thumbnail","hentry","product_cat-hidrosanitare","product_cat-sanitare","product_cat-lavaman"],"_links":{"self":[{"href":"https:\/\/hidrosistem.al\/new\/wp-json\/wp\/v2\/product\/5310","targetHints":{"allow":["GET"]}}],"collection":[{"href":"https:\/\/hidrosistem.al\/new\/wp-json\/wp\/v2\/product"}],"about":[{"href":"https:\/\/hidrosistem.al\/new\/wp-json\/wp\/v2\/types\/product"}],"version-history":[{"count":3,"href":"https:\/\/hidrosistem.al\/new\/wp-json\/wp\/v2\/product\/5310\/revisions"}],"predecessor-version":[{"id":12902,"href":"https:\/\/hidrosistem.al\/new\/wp-json\/wp\/v2\/product\/5310\/revisions\/12902"}],"wp:featuredmedia":[{"embeddable":true,"href":"https:\/\/hidrosistem.al\/new\/wp-json\/wp\/v2\/media\/5313"}],"wp:attachment":[{"href":"https:\/\/hidrosistem.al\/new\/wp-json\/wp\/v2\/media?parent=5310"}],"wp:term":[{"taxonomy":"product_cat","embeddable":true,"href":"https:\/\/hidrosistem.al\/new\/wp-json\/wp\/v2\/product_cat?post=5310"},{"taxonomy":"product_tag","embeddable":true,"href":"https:\/\/hidrosistem.al\/new\/wp-json\/wp\/v2\/product_tag?post=5310"}],"curies":[{"name":"wp","href":"https:\/\/api.w.org\/{rel}","templated":true}]}}