{"id":5189,"date":"2023-09-29T16:46:00","date_gmt":"2023-09-29T16:46:00","guid":{"rendered":"https:\/\/hidrosistem.al\/new\/?post_type=product&#038;p=5189"},"modified":"2025-12-02T09:17:28","modified_gmt":"2025-12-02T09:17:28","slug":"grup-dushi-inkaso-atlas-me-deviator-per-kuti-montimi-universale160x180x200mm","status":"publish","type":"product","link":"https:\/\/hidrosistem.al\/new\/product\/grup-dushi-inkaso-atlas-me-deviator-per-kuti-montimi-universale160x180x200mm\/","title":{"rendered":"Grup dushi inkaso Roca Atlas me deviator p\u00ebr kuti montimi universale,160x180x200 mm"},"content":{"rendered":"<p><span data-sheets-value=\"{&quot;1&quot;:2,&quot;2&quot;:&quot;Koleksioni Atlas : Atlas, gam\u00eb verbuese q\u00eb \u00ebsht\u00eb e p\u00ebrfunduar n\u00eb m\u00ebnyr\u00eb perfekte p\u00ebr hap\u00ebsirat q\u00eb joshin me dizajnin, cil\u00ebsin\u00eb dhe bukurin\u00eb e tyre. Kjo seri ofron nj\u00eb pasqyrim t\u00eb shijes p\u00ebr nj\u00eb estetik\u00eb bashk\u00ebkohore q\u00eb bashkon komoditetin, funksionalitetin dhe origjinalitetin.&quot;}\" data-sheets-userformat=\"{&quot;2&quot;:513,&quot;3&quot;:{&quot;1&quot;:0},&quot;12&quot;:0}\">Koleksioni Atlas: Komfort dhe funksionalitet n\u00eb \u00e7do dush. Grupi i dushit ofron nj\u00eb zgjidhje t\u00eb plot\u00eb p\u00ebr p\u00ebrdorim t\u00eb p\u00ebrditsh\u00ebm, me kontroll t\u00eb sakt\u00eb t\u00eb ujit dhe materiale rezistente ndaj lag\u00ebshtir\u00ebs. Dizajni praktik garanton instalim t\u00eb leht\u00eb dhe p\u00ebrvoj\u00eb komode dushi.<\/span><\/p>\n<p>Kodi i produktit ne ROCA : <span data-sheets-value=\"{&quot;1&quot;:2,&quot;2&quot;:&quot;A5A0B90C00&quot;}\" data-sheets-userformat=\"{&quot;2&quot;:12929,&quot;3&quot;:{&quot;1&quot;:0},&quot;10&quot;:2,&quot;12&quot;:0,&quot;15&quot;:&quot;Calibri&quot;,&quot;16&quot;:12}\">A5A0B90C00<\/span><\/p>\n","protected":false},"excerpt":{"rendered":"<p>Koleksioni Atlas: Komfort dhe funksionalitet n\u00eb \u00e7do dush. Grupi i dushit ofron nj\u00eb zgjidhje t\u00eb plot\u00eb p\u00ebr p\u00ebrdorim t\u00eb p\u00ebrditsh\u00ebm,<\/p>\n","protected":false},"featured_media":5191,"template":"","meta":[],"product_cat":[340,474,478],"product_tag":[],"class_list":["post-5189","product","type-product","status-publish","has-post-thumbnail","hentry","product_cat-hidrosanitare","product_cat-rubineta","product_cat-rubineta-per-dushe"],"_links":{"self":[{"href":"https:\/\/hidrosistem.al\/new\/wp-json\/wp\/v2\/product\/5189","targetHints":{"allow":["GET"]}}],"collection":[{"href":"https:\/\/hidrosistem.al\/new\/wp-json\/wp\/v2\/product"}],"about":[{"href":"https:\/\/hidrosistem.al\/new\/wp-json\/wp\/v2\/types\/product"}],"version-history":[{"count":2,"href":"https:\/\/hidrosistem.al\/new\/wp-json\/wp\/v2\/product\/5189\/revisions"}],"predecessor-version":[{"id":13350,"href":"https:\/\/hidrosistem.al\/new\/wp-json\/wp\/v2\/product\/5189\/revisions\/13350"}],"wp:featuredmedia":[{"embeddable":true,"href":"https:\/\/hidrosistem.al\/new\/wp-json\/wp\/v2\/media\/5191"}],"wp:attachment":[{"href":"https:\/\/hidrosistem.al\/new\/wp-json\/wp\/v2\/media?parent=5189"}],"wp:term":[{"taxonomy":"product_cat","embeddable":true,"href":"https:\/\/hidrosistem.al\/new\/wp-json\/wp\/v2\/product_cat?post=5189"},{"taxonomy":"product_tag","embeddable":true,"href":"https:\/\/hidrosistem.al\/new\/wp-json\/wp\/v2\/product_tag?post=5189"}],"curies":[{"name":"wp","href":"https:\/\/api.w.org\/{rel}","templated":true}]}}