{"id":5112,"date":"2023-09-29T16:20:17","date_gmt":"2023-09-29T16:20:17","guid":{"rendered":"https:\/\/hidrosistem.al\/new\/?post_type=product&#038;p=5112"},"modified":"2025-12-01T08:40:54","modified_gmt":"2025-12-01T08:40:54","slug":"aksesore-banjo-mbajtese-koke-dushi-e-rrumbullaket-70x70x95mm","status":"publish","type":"product","link":"https:\/\/hidrosistem.al\/new\/product\/aksesore-banjo-mbajtese-koke-dushi-e-rrumbullaket-70x70x95mm\/","title":{"rendered":"Aksesor tualeti -Mbajt\u00ebse koke dushi e rrumbullak\u00ebt 70x70x95 mm"},"content":{"rendered":"<p><span data-sheets-value=\"{&quot;1&quot;:2,&quot;2&quot;:&quot;Koleksioni Aqua : Ky koleksion \u00ebsht\u00eb nj\u00eb propozim dizajni q\u00eb p\u00ebrzihet n\u00eb hap\u00ebsir\u00ebn e banj\u00ebs, ku \u00ebsht\u00eb menduar shum\u00eb p\u00ebr parimet e kursimit, q\u00ebndrueshm\u00ebris\u00eb dhe integrimit n\u00eb konceptimin teknologjik t\u00eb \u00e7do artikulli.&quot;}\" data-sheets-userformat=\"{&quot;2&quot;:513,&quot;3&quot;:{&quot;1&quot;:0},&quot;12&quot;:0}\">Koleksioni Aqua: <\/span>Mbajt\u00ebsja e kok\u00ebs s\u00eb dushit garanton pozicionim t\u00eb q\u00ebndruesh\u00ebm dhe p\u00ebrdorim t\u00eb rehatsh\u00ebm. E prodhuar nga materiale rezistente ndaj lag\u00ebshtir\u00ebs, \u00ebsht\u00eb e leht\u00eb p\u00ebr t\u2019u instaluar dhe p\u00ebrshtatet me shumic\u00ebn e kokave standarde t\u00eb dushit.<\/p>\n<p>Kodi i produktit : <span data-sheets-value=\"{&quot;1&quot;:2,&quot;2&quot;:&quot;A5B5250C00&quot;}\" data-sheets-userformat=\"{&quot;2&quot;:12929,&quot;3&quot;:{&quot;1&quot;:0},&quot;10&quot;:2,&quot;12&quot;:0,&quot;15&quot;:&quot;Calibri&quot;,&quot;16&quot;:12}\">A5B5250C00<\/span><\/p>\n","protected":false},"excerpt":{"rendered":"<p>Koleksioni Aqua: Mbajt\u00ebsja e kok\u00ebs s\u00eb dushit garanton pozicionim t\u00eb q\u00ebndruesh\u00ebm dhe p\u00ebrdorim t\u00eb rehatsh\u00ebm. E prodhuar nga materiale rezistente<\/p>\n","protected":false},"featured_media":5113,"template":"","meta":[],"product_cat":[340,474,480],"product_tag":[],"class_list":["post-5112","product","type-product","status-publish","has-post-thumbnail","hentry","product_cat-hidrosanitare","product_cat-rubineta","product_cat-aksesore-te-tjere-rubineteri"],"_links":{"self":[{"href":"https:\/\/hidrosistem.al\/new\/wp-json\/wp\/v2\/product\/5112","targetHints":{"allow":["GET"]}}],"collection":[{"href":"https:\/\/hidrosistem.al\/new\/wp-json\/wp\/v2\/product"}],"about":[{"href":"https:\/\/hidrosistem.al\/new\/wp-json\/wp\/v2\/types\/product"}],"version-history":[{"count":3,"href":"https:\/\/hidrosistem.al\/new\/wp-json\/wp\/v2\/product\/5112\/revisions"}],"predecessor-version":[{"id":12936,"href":"https:\/\/hidrosistem.al\/new\/wp-json\/wp\/v2\/product\/5112\/revisions\/12936"}],"wp:featuredmedia":[{"embeddable":true,"href":"https:\/\/hidrosistem.al\/new\/wp-json\/wp\/v2\/media\/5113"}],"wp:attachment":[{"href":"https:\/\/hidrosistem.al\/new\/wp-json\/wp\/v2\/media?parent=5112"}],"wp:term":[{"taxonomy":"product_cat","embeddable":true,"href":"https:\/\/hidrosistem.al\/new\/wp-json\/wp\/v2\/product_cat?post=5112"},{"taxonomy":"product_tag","embeddable":true,"href":"https:\/\/hidrosistem.al\/new\/wp-json\/wp\/v2\/product_tag?post=5112"}],"curies":[{"name":"wp","href":"https:\/\/api.w.org\/{rel}","templated":true}]}}