{"id":4968,"date":"2023-09-29T15:23:11","date_gmt":"2023-09-29T15:23:11","guid":{"rendered":"https:\/\/hidrosistem.al\/new\/?post_type=product&#038;p=4968"},"modified":"2025-12-02T10:10:36","modified_gmt":"2025-12-02T10:10:36","slug":"grup-pishuari-inkaso","status":"publish","type":"product","link":"https:\/\/hidrosistem.al\/new\/product\/grup-pishuari-inkaso\/","title":{"rendered":"Grup pishuari Roca inkaso"},"content":{"rendered":"<p>Kontroll i sakt\u00eb dhe funksionim higjienik. Grupi i pishuarit siguron shp\u00ebrndarje efikase t\u00eb ujit dhe funksionim t\u00eb besuesh\u00ebm. Me dizajn praktik dhe materiale rezistente, ofron instalim t\u00eb leht\u00eb dhe p\u00ebrdorim afatgjat\u00eb.<\/p>\n<p>Kodi i productit ne ROCA : <span data-sheets-value=\"{&quot;1&quot;:2,&quot;2&quot;:&quot;A5A9277C00&quot;}\" data-sheets-userformat=\"{&quot;2&quot;:12929,&quot;3&quot;:{&quot;1&quot;:0},&quot;10&quot;:2,&quot;12&quot;:0,&quot;15&quot;:&quot;Calibri&quot;,&quot;16&quot;:12}\">A5A9277C00<\/span><br \/>\nDimensionet : <span id=\"dim-txt\">190 x 140 x 70 mm<\/span><\/p>\n","protected":false},"excerpt":{"rendered":"<p>Kontroll i sakt\u00eb dhe funksionim higjienik. Grupi i pishuarit siguron shp\u00ebrndarje efikase t\u00eb ujit dhe funksionim t\u00eb besuesh\u00ebm. Me dizajn<\/p>\n","protected":false},"featured_media":4970,"template":"","meta":[],"product_cat":[340,474,480],"product_tag":[],"class_list":["post-4968","product","type-product","status-publish","has-post-thumbnail","hentry","product_cat-hidrosanitare","product_cat-rubineta","product_cat-aksesore-te-tjere-rubineteri"],"_links":{"self":[{"href":"https:\/\/hidrosistem.al\/new\/wp-json\/wp\/v2\/product\/4968","targetHints":{"allow":["GET"]}}],"collection":[{"href":"https:\/\/hidrosistem.al\/new\/wp-json\/wp\/v2\/product"}],"about":[{"href":"https:\/\/hidrosistem.al\/new\/wp-json\/wp\/v2\/types\/product"}],"version-history":[{"count":3,"href":"https:\/\/hidrosistem.al\/new\/wp-json\/wp\/v2\/product\/4968\/revisions"}],"predecessor-version":[{"id":13432,"href":"https:\/\/hidrosistem.al\/new\/wp-json\/wp\/v2\/product\/4968\/revisions\/13432"}],"wp:featuredmedia":[{"embeddable":true,"href":"https:\/\/hidrosistem.al\/new\/wp-json\/wp\/v2\/media\/4970"}],"wp:attachment":[{"href":"https:\/\/hidrosistem.al\/new\/wp-json\/wp\/v2\/media?parent=4968"}],"wp:term":[{"taxonomy":"product_cat","embeddable":true,"href":"https:\/\/hidrosistem.al\/new\/wp-json\/wp\/v2\/product_cat?post=4968"},{"taxonomy":"product_tag","embeddable":true,"href":"https:\/\/hidrosistem.al\/new\/wp-json\/wp\/v2\/product_tag?post=4968"}],"curies":[{"name":"wp","href":"https:\/\/api.w.org\/{rel}","templated":true}]}}