{"id":4963,"date":"2023-09-29T15:20:08","date_gmt":"2023-09-29T15:20:08","guid":{"rendered":"https:\/\/hidrosistem.al\/new\/?post_type=product&#038;p=4963"},"modified":"2025-11-18T14:49:26","modified_gmt":"2025-11-18T14:49:26","slug":"sifon-lavamani-inoksi-fi-1-1-4-minimal-380x105x80-mm","status":"publish","type":"product","link":"https:\/\/hidrosistem.al\/new\/product\/sifon-lavamani-inoksi-fi-1-1-4-minimal-380x105x80-mm\/","title":{"rendered":"Sifon lavamani Roca 380*105*80"},"content":{"rendered":"<div class=\"elementor-element elementor-element-07fb005 wd-single-content elementor-widget elementor-widget-wd_single_product_content\" data-id=\"07fb005\" data-element_type=\"widget\" data-widget_type=\"wd_single_product_content.default\">\n<div class=\"elementor-widget-container\">\n<p>Sifoni i lavamanit nga Roca siguron shkarkim t\u00eb qet\u00eb t\u00eb ujit dhe parandalon aromat e pak\u00ebndshme. I nd\u00ebrtuar nga materiale rezistente, ofron q\u00ebndrueshm\u00ebri, instalim t\u00eb thjesht\u00eb dhe p\u00ebrshtatje me shumic\u00ebn e lavaman\u00ebve standard\u00eb.<\/p>\n<p>Kodi i produktit ne ROCA : <span data-sheets-value=\"{&quot;1&quot;:2,&quot;2&quot;:&quot;A506403810&quot;}\" data-sheets-userformat=\"{&quot;2&quot;:12929,&quot;3&quot;:{&quot;1&quot;:0},&quot;10&quot;:2,&quot;12&quot;:0,&quot;15&quot;:&quot;Calibri&quot;,&quot;16&quot;:12}\">A506403810<\/span><br \/>\nDimensionet : <span data-sheets-value=\"{&quot;1&quot;:2,&quot;2&quot;:&quot;380 x 105 x 80 mm&quot;}\">380 x 105 x 80 mm<\/span><\/p>\n<\/div>\n<\/div>\n","protected":false},"excerpt":{"rendered":"<p>Sifoni i lavamanit nga Roca siguron shkarkim t\u00eb qet\u00eb t\u00eb ujit dhe parandalon aromat e pak\u00ebndshme. I nd\u00ebrtuar nga materiale<\/p>\n","protected":false},"featured_media":4965,"template":"","meta":[],"product_cat":[340,466,473],"product_tag":[],"class_list":["post-4963","product","type-product","status-publish","has-post-thumbnail","hentry","product_cat-hidrosanitare","product_cat-sanitare","product_cat-aksesore-te-tjere-sanitare"],"_links":{"self":[{"href":"https:\/\/hidrosistem.al\/new\/wp-json\/wp\/v2\/product\/4963","targetHints":{"allow":["GET"]}}],"collection":[{"href":"https:\/\/hidrosistem.al\/new\/wp-json\/wp\/v2\/product"}],"about":[{"href":"https:\/\/hidrosistem.al\/new\/wp-json\/wp\/v2\/types\/product"}],"version-history":[{"count":3,"href":"https:\/\/hidrosistem.al\/new\/wp-json\/wp\/v2\/product\/4963\/revisions"}],"predecessor-version":[{"id":12789,"href":"https:\/\/hidrosistem.al\/new\/wp-json\/wp\/v2\/product\/4963\/revisions\/12789"}],"wp:featuredmedia":[{"embeddable":true,"href":"https:\/\/hidrosistem.al\/new\/wp-json\/wp\/v2\/media\/4965"}],"wp:attachment":[{"href":"https:\/\/hidrosistem.al\/new\/wp-json\/wp\/v2\/media?parent=4963"}],"wp:term":[{"taxonomy":"product_cat","embeddable":true,"href":"https:\/\/hidrosistem.al\/new\/wp-json\/wp\/v2\/product_cat?post=4963"},{"taxonomy":"product_tag","embeddable":true,"href":"https:\/\/hidrosistem.al\/new\/wp-json\/wp\/v2\/product_tag?post=4963"}],"curies":[{"name":"wp","href":"https:\/\/api.w.org\/{rel}","templated":true}]}}