{"id":3541,"date":"2023-09-22T17:34:17","date_gmt":"2023-09-22T17:34:17","guid":{"rendered":"https:\/\/hidrosistem.al\/new\/?post_type=product&#038;p=3541"},"modified":"2023-09-22T17:41:43","modified_gmt":"2023-09-22T17:41:43","slug":"3541","status":"publish","type":"product","link":"https:\/\/hidrosistem.al\/new\/product\/3541\/","title":{"rendered":"TK-Professional 70kW \u00f7 100kW &#8211; montim n\u00eb dysheme"},"content":{"rendered":"<p>Kaldaja TK-Professional 70 \u00f7 100kW, si dhe t\u00eb tjera nga kjo seri, prodhohen sipas standardeve m\u00eb strikte t\u00eb siguris\u00eb t\u00eb BE-s\u00eb. Kontrolli dhe rregullimi i funksionimit t\u00eb bojlerit kryhet p\u00ebrmes nj\u00eb nj\u00ebsie mikroprocesori q\u00eb merr informacion nga sensor\u00ebt dixhital\u00eb t\u00eb presionit dhe temperatur\u00ebs. N\u00eb ekran shfaqen t\u00eb gjith\u00eb parametrat e sistemit, si dhe paralajm\u00ebrimet p\u00ebr afrimin e vlerave kufitare t\u00eb temperatur\u00ebs dhe presionit, ose gabimet n\u00eb rast t\u00eb tejkalimit t\u00eb vlerave t\u00eb lejuara. Automatizimi dhe komponent\u00ebt ekzekutiv\u00eb jan\u00eb t\u00eb ndar\u00eb fizikisht nga ena e bojlerit. Temperatura e ambientit t\u00eb automatizimit kontrollohet dhe, n\u00ebse \u00ebsht\u00eb e nevojshme, mbahet n\u00eb nj\u00eb nivel optimal p\u00ebr funksionim t\u00eb sigurt me an\u00eb t\u00eb ventilimit t\u00eb detyruar. Kaldaja TK-Profesional 70 \u00f7100 kW mund t\u00eb lidhet opsionalisht me nj\u00eb sistem monitorimi dhe kontrolli t\u00eb centralizuar (BMS, SCADA,&#8230;), n\u00ebp\u00ebrmjet nj\u00eb moduli RS485 RTU, duke p\u00ebrdorur protokollin ModBus. Mund\u00ebsia e lidhjes deri n\u00eb 10 kaldaja n\u00eb modalitetin kaskad\u00eb me nj\u00eb rregullator shtes\u00eb Cascade .<\/p>\n","protected":false},"excerpt":{"rendered":"<p>Kaldaja TK-Professional 70 \u00f7 100kW, si dhe t\u00eb tjera nga kjo seri, prodhohen sipas standardeve m\u00eb strikte t\u00eb siguris\u00eb t\u00eb<\/p>\n","protected":false},"featured_media":3542,"template":"","meta":[],"product_cat":[364],"product_tag":[],"class_list":["post-3541","product","type-product","status-publish","has-post-thumbnail","hentry","product_cat-kaldaja-elektrike"],"_links":{"self":[{"href":"https:\/\/hidrosistem.al\/new\/wp-json\/wp\/v2\/product\/3541","targetHints":{"allow":["GET"]}}],"collection":[{"href":"https:\/\/hidrosistem.al\/new\/wp-json\/wp\/v2\/product"}],"about":[{"href":"https:\/\/hidrosistem.al\/new\/wp-json\/wp\/v2\/types\/product"}],"version-history":[{"count":2,"href":"https:\/\/hidrosistem.al\/new\/wp-json\/wp\/v2\/product\/3541\/revisions"}],"predecessor-version":[{"id":3544,"href":"https:\/\/hidrosistem.al\/new\/wp-json\/wp\/v2\/product\/3541\/revisions\/3544"}],"wp:featuredmedia":[{"embeddable":true,"href":"https:\/\/hidrosistem.al\/new\/wp-json\/wp\/v2\/media\/3542"}],"wp:attachment":[{"href":"https:\/\/hidrosistem.al\/new\/wp-json\/wp\/v2\/media?parent=3541"}],"wp:term":[{"taxonomy":"product_cat","embeddable":true,"href":"https:\/\/hidrosistem.al\/new\/wp-json\/wp\/v2\/product_cat?post=3541"},{"taxonomy":"product_tag","embeddable":true,"href":"https:\/\/hidrosistem.al\/new\/wp-json\/wp\/v2\/product_tag?post=3541"}],"curies":[{"name":"wp","href":"https:\/\/api.w.org\/{rel}","templated":true}]}}