{"id":3472,"date":"2023-09-22T14:13:56","date_gmt":"2023-09-22T14:13:56","guid":{"rendered":"https:\/\/hidrosistem.al\/new\/?post_type=product&#038;p=3472"},"modified":"2023-09-22T14:13:56","modified_gmt":"2023-09-22T14:13:56","slug":"ats-80-kend","status":"publish","type":"product","link":"https:\/\/hidrosistem.al\/new\/product\/ats-80-kend\/","title":{"rendered":"ATS 80 K\u00cbND"},"content":{"rendered":"<div class=\"product attribute overview\">\n<div class=\"value\"><span>Oxhak ENERGJIKE K\u00cbNDORE ME KALDAJ T\u00cb UJIT ME EFI\u00c7ENCA T\u00cb LART\u00cb TERMIKE Der\u00eb<\/span><br \/>\n<span>hap\u00ebse &amp; rr\u00ebshqit\u00ebse.\u00a0Me \u00e7el\u00ebs t\u00eb rregulluesh\u00ebm ajri dhe sigurie,<\/span><br \/>\n<span>kristal qeramik zjarrdurues rezistent deri n\u00eb 750\u00b0C dhe perde ajri.<\/span><\/div>\n<\/div>\n","protected":false},"excerpt":{"rendered":"<p>Oxhak ENERGJIKE K\u00cbNDORE ME KALDAJ T\u00cb UJIT ME EFI\u00c7ENCA T\u00cb LART\u00cb TERMIKE Der\u00eb hap\u00ebse &amp; rr\u00ebshqit\u00ebse.\u00a0Me \u00e7el\u00ebs t\u00eb rregulluesh\u00ebm ajri<\/p>\n","protected":false},"featured_media":3473,"template":"","meta":[],"product_cat":[349],"product_tag":[],"class_list":["post-3472","product","type-product","status-publish","has-post-thumbnail","hentry","product_cat-oxhaqe"],"_links":{"self":[{"href":"https:\/\/hidrosistem.al\/new\/wp-json\/wp\/v2\/product\/3472","targetHints":{"allow":["GET"]}}],"collection":[{"href":"https:\/\/hidrosistem.al\/new\/wp-json\/wp\/v2\/product"}],"about":[{"href":"https:\/\/hidrosistem.al\/new\/wp-json\/wp\/v2\/types\/product"}],"version-history":[{"count":1,"href":"https:\/\/hidrosistem.al\/new\/wp-json\/wp\/v2\/product\/3472\/revisions"}],"predecessor-version":[{"id":3475,"href":"https:\/\/hidrosistem.al\/new\/wp-json\/wp\/v2\/product\/3472\/revisions\/3475"}],"wp:featuredmedia":[{"embeddable":true,"href":"https:\/\/hidrosistem.al\/new\/wp-json\/wp\/v2\/media\/3473"}],"wp:attachment":[{"href":"https:\/\/hidrosistem.al\/new\/wp-json\/wp\/v2\/media?parent=3472"}],"wp:term":[{"taxonomy":"product_cat","embeddable":true,"href":"https:\/\/hidrosistem.al\/new\/wp-json\/wp\/v2\/product_cat?post=3472"},{"taxonomy":"product_tag","embeddable":true,"href":"https:\/\/hidrosistem.al\/new\/wp-json\/wp\/v2\/product_tag?post=3472"}],"curies":[{"name":"wp","href":"https:\/\/api.w.org\/{rel}","templated":true}]}}