{"id":3469,"date":"2023-09-22T14:12:11","date_gmt":"2023-09-22T14:12:11","guid":{"rendered":"https:\/\/hidrosistem.al\/new\/?post_type=product&#038;p=3469"},"modified":"2023-09-22T14:12:11","modified_gmt":"2023-09-22T14:12:11","slug":"ats-panoramike","status":"publish","type":"product","link":"https:\/\/hidrosistem.al\/new\/product\/ats-panoramike\/","title":{"rendered":"ATS PANORAMIKE"},"content":{"rendered":"<div class=\"product attribute overview\">\n<div class=\"value\"><span>Oxhak PANORAMIK ME NXEHJE ME AJR ENERGJIKE ME EFI\u00c7ENC\u00cb T\u00cb LART\u00cb TERMIKE<\/span><br \/>\n<span>Der\u00eb hap\u00ebse dhe rr\u00ebshqit\u00ebse, me \u00e7el\u00ebs t\u00eb rregulluesh\u00ebm ajri dhe sigurie.<\/span><br \/>\n<span>Kristal qeramike zjarrduruese rezistente deri n\u00eb 750\u00b0C.\u00a0Djegia sekondare dhe perde ajri.<\/span><\/div>\n<\/div>\n","protected":false},"excerpt":{"rendered":"<p>Oxhak PANORAMIK ME NXEHJE ME AJR ENERGJIKE ME EFI\u00c7ENC\u00cb T\u00cb LART\u00cb TERMIKE Der\u00eb hap\u00ebse dhe rr\u00ebshqit\u00ebse, me \u00e7el\u00ebs t\u00eb rregulluesh\u00ebm<\/p>\n","protected":false},"featured_media":3470,"template":"","meta":[],"product_cat":[349],"product_tag":[],"class_list":["post-3469","product","type-product","status-publish","has-post-thumbnail","hentry","product_cat-oxhaqe"],"_links":{"self":[{"href":"https:\/\/hidrosistem.al\/new\/wp-json\/wp\/v2\/product\/3469","targetHints":{"allow":["GET"]}}],"collection":[{"href":"https:\/\/hidrosistem.al\/new\/wp-json\/wp\/v2\/product"}],"about":[{"href":"https:\/\/hidrosistem.al\/new\/wp-json\/wp\/v2\/types\/product"}],"version-history":[{"count":1,"href":"https:\/\/hidrosistem.al\/new\/wp-json\/wp\/v2\/product\/3469\/revisions"}],"predecessor-version":[{"id":3471,"href":"https:\/\/hidrosistem.al\/new\/wp-json\/wp\/v2\/product\/3469\/revisions\/3471"}],"wp:featuredmedia":[{"embeddable":true,"href":"https:\/\/hidrosistem.al\/new\/wp-json\/wp\/v2\/media\/3470"}],"wp:attachment":[{"href":"https:\/\/hidrosistem.al\/new\/wp-json\/wp\/v2\/media?parent=3469"}],"wp:term":[{"taxonomy":"product_cat","embeddable":true,"href":"https:\/\/hidrosistem.al\/new\/wp-json\/wp\/v2\/product_cat?post=3469"},{"taxonomy":"product_tag","embeddable":true,"href":"https:\/\/hidrosistem.al\/new\/wp-json\/wp\/v2\/product_tag?post=3469"}],"curies":[{"name":"wp","href":"https:\/\/api.w.org\/{rel}","templated":true}]}}