{"id":3466,"date":"2023-09-22T14:11:20","date_gmt":"2023-09-22T14:11:20","guid":{"rendered":"https:\/\/hidrosistem.al\/new\/?post_type=product&#038;p=3466"},"modified":"2023-09-22T14:11:21","modified_gmt":"2023-09-22T14:11:21","slug":"ats-ex-60-out","status":"publish","type":"product","link":"https:\/\/hidrosistem.al\/new\/product\/ats-ex-60-out\/","title":{"rendered":"ATS EX 60 OUT"},"content":{"rendered":"<div class=\"product attribute overview\">\n<div class=\"value\"><span>Oxhak ME NXEHJE ME AJER ENERGJIKE ME EFI\u00c7ENC\u00cb T\u00cb LART\u00cb TERMIKE<\/span><br \/>\n<span>Der\u00eb hap\u00ebse dhe rr\u00ebshqit\u00ebse, me \u00e7el\u00ebs t\u00eb rregulluesh\u00ebm ajri dhe sigurie.<\/span><br \/>\n<span>Kristal qeramike zjarrduruese rezistente deri n\u00eb 750\u00b0C.\u00a0Djegia sekondare dhe perde ajri.<\/span><\/div>\n<\/div>\n","protected":false},"excerpt":{"rendered":"<p>Oxhak ME NXEHJE ME AJER ENERGJIKE ME EFI\u00c7ENC\u00cb T\u00cb LART\u00cb TERMIKE Der\u00eb hap\u00ebse dhe rr\u00ebshqit\u00ebse, me \u00e7el\u00ebs t\u00eb rregulluesh\u00ebm ajri<\/p>\n","protected":false},"featured_media":3467,"template":"","meta":[],"product_cat":[349],"product_tag":[],"class_list":["post-3466","product","type-product","status-publish","has-post-thumbnail","hentry","product_cat-oxhaqe"],"_links":{"self":[{"href":"https:\/\/hidrosistem.al\/new\/wp-json\/wp\/v2\/product\/3466","targetHints":{"allow":["GET"]}}],"collection":[{"href":"https:\/\/hidrosistem.al\/new\/wp-json\/wp\/v2\/product"}],"about":[{"href":"https:\/\/hidrosistem.al\/new\/wp-json\/wp\/v2\/types\/product"}],"version-history":[{"count":1,"href":"https:\/\/hidrosistem.al\/new\/wp-json\/wp\/v2\/product\/3466\/revisions"}],"predecessor-version":[{"id":3468,"href":"https:\/\/hidrosistem.al\/new\/wp-json\/wp\/v2\/product\/3466\/revisions\/3468"}],"wp:featuredmedia":[{"embeddable":true,"href":"https:\/\/hidrosistem.al\/new\/wp-json\/wp\/v2\/media\/3467"}],"wp:attachment":[{"href":"https:\/\/hidrosistem.al\/new\/wp-json\/wp\/v2\/media?parent=3466"}],"wp:term":[{"taxonomy":"product_cat","embeddable":true,"href":"https:\/\/hidrosistem.al\/new\/wp-json\/wp\/v2\/product_cat?post=3466"},{"taxonomy":"product_tag","embeddable":true,"href":"https:\/\/hidrosistem.al\/new\/wp-json\/wp\/v2\/product_tag?post=3466"}],"curies":[{"name":"wp","href":"https:\/\/api.w.org\/{rel}","templated":true}]}}