{"id":3457,"date":"2023-09-22T14:06:42","date_gmt":"2023-09-22T14:06:42","guid":{"rendered":"https:\/\/hidrosistem.al\/new\/?post_type=product&#038;p=3457"},"modified":"2023-09-22T14:08:03","modified_gmt":"2023-09-22T14:08:03","slug":"ats-casket-aero-corner-800","status":"publish","type":"product","link":"https:\/\/hidrosistem.al\/new\/product\/ats-casket-aero-corner-800\/","title":{"rendered":"ATS CASKET AERO CORNER 800"},"content":{"rendered":"<div class=\"product attribute overview\">\n<div class=\"value\">Oxhak ENERGJIKE ME NXEHJE ME AJRI K\u00cbNDOR ME EFI\u00c7ENCA T\u00cb LART\u00cb TERMIKE<br \/>\nDer\u00eb hap\u00ebse dhe rr\u00ebshqit\u00ebse, me \u00e7el\u00ebs t\u00eb rregulluesh\u00ebm ajri dhe sigurie.<br \/>\nKristal qeramike zjarrduruese rezistente deri n\u00eb 750\u00b0C.\u00a0Djegia sekondare dhe perde ajri.<br \/>\nMe 2 ventilator\u00eb 2x160m3\/h.<\/div>\n<\/div>\n","protected":false},"excerpt":{"rendered":"<p>Oxhak ENERGJIKE ME NXEHJE ME AJRI K\u00cbNDOR ME EFI\u00c7ENCA T\u00cb LART\u00cb TERMIKE Der\u00eb hap\u00ebse dhe rr\u00ebshqit\u00ebse, me \u00e7el\u00ebs t\u00eb rregulluesh\u00ebm<\/p>\n","protected":false},"featured_media":3458,"template":"","meta":[],"product_cat":[349],"product_tag":[],"class_list":["post-3457","product","type-product","status-publish","has-post-thumbnail","hentry","product_cat-oxhaqe"],"_links":{"self":[{"href":"https:\/\/hidrosistem.al\/new\/wp-json\/wp\/v2\/product\/3457","targetHints":{"allow":["GET"]}}],"collection":[{"href":"https:\/\/hidrosistem.al\/new\/wp-json\/wp\/v2\/product"}],"about":[{"href":"https:\/\/hidrosistem.al\/new\/wp-json\/wp\/v2\/types\/product"}],"version-history":[{"count":2,"href":"https:\/\/hidrosistem.al\/new\/wp-json\/wp\/v2\/product\/3457\/revisions"}],"predecessor-version":[{"id":3461,"href":"https:\/\/hidrosistem.al\/new\/wp-json\/wp\/v2\/product\/3457\/revisions\/3461"}],"wp:featuredmedia":[{"embeddable":true,"href":"https:\/\/hidrosistem.al\/new\/wp-json\/wp\/v2\/media\/3458"}],"wp:attachment":[{"href":"https:\/\/hidrosistem.al\/new\/wp-json\/wp\/v2\/media?parent=3457"}],"wp:term":[{"taxonomy":"product_cat","embeddable":true,"href":"https:\/\/hidrosistem.al\/new\/wp-json\/wp\/v2\/product_cat?post=3457"},{"taxonomy":"product_tag","embeddable":true,"href":"https:\/\/hidrosistem.al\/new\/wp-json\/wp\/v2\/product_tag?post=3457"}],"curies":[{"name":"wp","href":"https:\/\/api.w.org\/{rel}","templated":true}]}}