{"id":3432,"date":"2023-09-22T13:53:41","date_gmt":"2023-09-22T13:53:41","guid":{"rendered":"https:\/\/hidrosistem.al\/new\/?post_type=product&#038;p=3432"},"modified":"2023-09-22T13:53:41","modified_gmt":"2023-09-22T13:53:41","slug":"ats-casket-aero","status":"publish","type":"product","link":"https:\/\/hidrosistem.al\/new\/product\/ats-casket-aero\/","title":{"rendered":"ATS CASKET AERO"},"content":{"rendered":"<div class=\"product attribute overview\">\n<div class=\"value\"><span>Oxhak ME NXEHJE ME AJER ENERGY ME EFI\u00c7ENC\u00cb T\u00cb LART\u00cb TERMIKE<\/span><br \/>\n<span>Der\u00eb hap\u00ebse dhe rr\u00ebshqit\u00ebse, me \u00e7el\u00ebs t\u00eb rregulluesh\u00ebm ajri dhe sigurie.<\/span><br \/>\n<span>Kristal qeramike zjarrduruese rezistente deri n\u00eb 750\u00b0C.\u00a0Djegia sekondare dhe perde ajri.<\/span><br \/>\n<span>Me 2 ventilator\u00eb 2x160m3\/h.<\/span><br \/>\n<span>E disponueshme ne 3 permasa 700\/800\/900<\/span><\/div>\n<\/div>\n","protected":false},"excerpt":{"rendered":"<p>Oxhak ME NXEHJE ME AJER ENERGY ME EFI\u00c7ENC\u00cb T\u00cb LART\u00cb TERMIKE Der\u00eb hap\u00ebse dhe rr\u00ebshqit\u00ebse, me \u00e7el\u00ebs t\u00eb rregulluesh\u00ebm ajri<\/p>\n","protected":false},"featured_media":3433,"template":"","meta":[],"product_cat":[349],"product_tag":[],"class_list":["post-3432","product","type-product","status-publish","has-post-thumbnail","hentry","product_cat-oxhaqe"],"_links":{"self":[{"href":"https:\/\/hidrosistem.al\/new\/wp-json\/wp\/v2\/product\/3432","targetHints":{"allow":["GET"]}}],"collection":[{"href":"https:\/\/hidrosistem.al\/new\/wp-json\/wp\/v2\/product"}],"about":[{"href":"https:\/\/hidrosistem.al\/new\/wp-json\/wp\/v2\/types\/product"}],"version-history":[{"count":1,"href":"https:\/\/hidrosistem.al\/new\/wp-json\/wp\/v2\/product\/3432\/revisions"}],"predecessor-version":[{"id":3435,"href":"https:\/\/hidrosistem.al\/new\/wp-json\/wp\/v2\/product\/3432\/revisions\/3435"}],"wp:featuredmedia":[{"embeddable":true,"href":"https:\/\/hidrosistem.al\/new\/wp-json\/wp\/v2\/media\/3433"}],"wp:attachment":[{"href":"https:\/\/hidrosistem.al\/new\/wp-json\/wp\/v2\/media?parent=3432"}],"wp:term":[{"taxonomy":"product_cat","embeddable":true,"href":"https:\/\/hidrosistem.al\/new\/wp-json\/wp\/v2\/product_cat?post=3432"},{"taxonomy":"product_tag","embeddable":true,"href":"https:\/\/hidrosistem.al\/new\/wp-json\/wp\/v2\/product_tag?post=3432"}],"curies":[{"name":"wp","href":"https:\/\/api.w.org\/{rel}","templated":true}]}}