{"id":3386,"date":"2023-09-22T10:58:30","date_gmt":"2023-09-22T10:58:30","guid":{"rendered":"https:\/\/hidrosistem.al\/new\/?post_type=product&#038;p=3386"},"modified":"2023-09-22T10:59:03","modified_gmt":"2023-09-22T10:59:03","slug":"ats-90-30-masine","status":"publish","type":"product","link":"https:\/\/hidrosistem.al\/new\/product\/ats-90-30-masine\/","title":{"rendered":"ATS 90-30 MASINE"},"content":{"rendered":"<div class=\"product attribute overview\">\n<div class=\"value\">Ngroh\u00ebsi me dru i furr\u00ebs prej \u00e7eliku ATS 90-30 \u00ebsht\u00eb ideal p\u00ebr k\u00ebdo q\u00eb d\u00ebshiron t\u00eb ngroh\u00eb hap\u00ebsir\u00ebn e tij duke p\u00ebrdorur l\u00ebnd\u00eb djeg\u00ebse t\u00eb ngurta.\u00a0Dizajni ergonomik ju jep mund\u00ebsin\u00eb t\u00eb ngrohni hap\u00ebsir\u00ebn tuaj dhe n\u00eb t\u00eb nj\u00ebjt\u00ebn koh\u00eb t\u00eb gatuani ushqimin n\u00eb koh\u00ebn m\u00eb t\u00eb shkurt\u00ebr t\u00eb mundshme.\u00a0Ka nj\u00eb furr\u00eb smalti, nj\u00eb tav\u00eb smalti, nj\u00eb gril\u00eb dhe nj\u00eb termomet\u00ebr 0-300\u00b0C.<\/div>\n<\/div>\n","protected":false},"excerpt":{"rendered":"<p>Ngroh\u00ebsi me dru i furr\u00ebs prej \u00e7eliku ATS 90-30 \u00ebsht\u00eb ideal p\u00ebr k\u00ebdo q\u00eb d\u00ebshiron t\u00eb ngroh\u00eb hap\u00ebsir\u00ebn e tij<\/p>\n","protected":false},"featured_media":3387,"template":"","meta":[],"product_cat":[356],"product_tag":[],"class_list":["post-3386","product","type-product","status-publish","has-post-thumbnail","hentry","product_cat-soba-me-dru"],"_links":{"self":[{"href":"https:\/\/hidrosistem.al\/new\/wp-json\/wp\/v2\/product\/3386","targetHints":{"allow":["GET"]}}],"collection":[{"href":"https:\/\/hidrosistem.al\/new\/wp-json\/wp\/v2\/product"}],"about":[{"href":"https:\/\/hidrosistem.al\/new\/wp-json\/wp\/v2\/types\/product"}],"version-history":[{"count":2,"href":"https:\/\/hidrosistem.al\/new\/wp-json\/wp\/v2\/product\/3386\/revisions"}],"predecessor-version":[{"id":3390,"href":"https:\/\/hidrosistem.al\/new\/wp-json\/wp\/v2\/product\/3386\/revisions\/3390"}],"wp:featuredmedia":[{"embeddable":true,"href":"https:\/\/hidrosistem.al\/new\/wp-json\/wp\/v2\/media\/3387"}],"wp:attachment":[{"href":"https:\/\/hidrosistem.al\/new\/wp-json\/wp\/v2\/media?parent=3386"}],"wp:term":[{"taxonomy":"product_cat","embeddable":true,"href":"https:\/\/hidrosistem.al\/new\/wp-json\/wp\/v2\/product_cat?post=3386"},{"taxonomy":"product_tag","embeddable":true,"href":"https:\/\/hidrosistem.al\/new\/wp-json\/wp\/v2\/product_tag?post=3386"}],"curies":[{"name":"wp","href":"https:\/\/api.w.org\/{rel}","templated":true}]}}