{"id":3331,"date":"2023-09-22T10:28:11","date_gmt":"2023-09-22T10:28:11","guid":{"rendered":"https:\/\/hidrosistem.al\/new\/?post_type=product&#038;p=3331"},"modified":"2023-09-22T16:02:34","modified_gmt":"2023-09-22T16:02:34","slug":"ats-100-hydro","status":"publish","type":"product","link":"https:\/\/hidrosistem.al\/new\/product\/ats-100-hydro\/","title":{"rendered":"ATS 100 HYDRO"},"content":{"rendered":"<div class=\"product attribute overview\">\n<div class=\"value\">ATS HYDRAULIC 100 STEEL \u00ebsht\u00eb nj\u00eb sob\u00eb me dru uji q\u00eb mund t\u00eb ngroh hap\u00ebsir\u00ebn tuaj p\u00ebrmes qarkut t\u00eb radiatorit. ATS 100 HYDRAULIC mund t\u00eb lidhet paralelisht me nj\u00eb djeg\u00ebs vaji ose gazi.\u00a0Ulja e kostos s\u00eb ngrohjes tradicionale<br \/>\nKa nj\u00eb kristal t\u00eb madh qeramik zjarrdurues q\u00eb mund t\u00eb p\u00ebrballoj\u00eb temperaturat deri n\u00eb 750\u00b0C.\u00a0Ka nj\u00eb en\u00eb (sirtar) n\u00eb fund ku mblidhet hiri duke e b\u00ebr\u00eb m\u00eb t\u00eb leht\u00eb heqjen e tij.<\/div>\n<\/div>\n","protected":false},"excerpt":{"rendered":"<p>ATS HYDRAULIC 100 STEEL \u00ebsht\u00eb nj\u00eb sob\u00eb me dru uji q\u00eb mund t\u00eb ngroh hap\u00ebsir\u00ebn tuaj p\u00ebrmes qarkut t\u00eb radiatorit.<\/p>\n","protected":false},"featured_media":3332,"template":"","meta":[],"product_cat":[365],"product_tag":[],"class_list":["post-3331","product","type-product","status-publish","has-post-thumbnail","hentry","product_cat-kaldaja-druri"],"_links":{"self":[{"href":"https:\/\/hidrosistem.al\/new\/wp-json\/wp\/v2\/product\/3331","targetHints":{"allow":["GET"]}}],"collection":[{"href":"https:\/\/hidrosistem.al\/new\/wp-json\/wp\/v2\/product"}],"about":[{"href":"https:\/\/hidrosistem.al\/new\/wp-json\/wp\/v2\/types\/product"}],"version-history":[{"count":2,"href":"https:\/\/hidrosistem.al\/new\/wp-json\/wp\/v2\/product\/3331\/revisions"}],"predecessor-version":[{"id":3335,"href":"https:\/\/hidrosistem.al\/new\/wp-json\/wp\/v2\/product\/3331\/revisions\/3335"}],"wp:featuredmedia":[{"embeddable":true,"href":"https:\/\/hidrosistem.al\/new\/wp-json\/wp\/v2\/media\/3332"}],"wp:attachment":[{"href":"https:\/\/hidrosistem.al\/new\/wp-json\/wp\/v2\/media?parent=3331"}],"wp:term":[{"taxonomy":"product_cat","embeddable":true,"href":"https:\/\/hidrosistem.al\/new\/wp-json\/wp\/v2\/product_cat?post=3331"},{"taxonomy":"product_tag","embeddable":true,"href":"https:\/\/hidrosistem.al\/new\/wp-json\/wp\/v2\/product_tag?post=3331"}],"curies":[{"name":"wp","href":"https:\/\/api.w.org\/{rel}","templated":true}]}}