{"id":3307,"date":"2023-09-22T10:07:02","date_gmt":"2023-09-22T10:07:02","guid":{"rendered":"https:\/\/hidrosistem.al\/new\/?post_type=product&#038;p=3307"},"modified":"2023-09-22T15:01:22","modified_gmt":"2023-09-22T15:01:22","slug":"pelet-aero-10kw","status":"publish","type":"product","link":"https:\/\/hidrosistem.al\/new\/product\/pelet-aero-10kw\/","title":{"rendered":"PELET AERO 10KW"},"content":{"rendered":"<div class=\"product attribute overview\">\n<div class=\"value\">NGROHES AJRI PELET AERO 10, me nj\u00eb dizajn elegant dhe pamje t\u00eb thjesht\u00eb, p\u00ebrshtatet n\u00eb \u00e7do hap\u00ebsir\u00eb. Me kristal qeramike zjarrduruese, rezistent deri n\u00eb 750\u00b0C.<br \/>\nKa nj\u00eb ekran p\u00ebrdoruesi t\u00eb leht\u00eb p\u00ebr t&#8217;u lexuar.\u00a0Fuqia e djegies dhe intensiteti i ventilatorit mund t\u00eb rregullohen n\u00eb 5 nivele t\u00eb ndryshme sipas nevojave tuaja.\u00a0Ka nj\u00eb koh\u00ebmat\u00ebs q\u00eb p\u00ebrcakton koh\u00ebn e fillimit dhe fikjes, si dhe llojin e funksionimit.<br \/>\nP\u00ebrve\u00e7 k\u00ebsaj, ekziston nj\u00eb sensor i integruar i temperatur\u00ebs s\u00eb dhom\u00ebs.<br \/>\nAi gjithashtu ofron nj\u00eb sistem t\u00eb zgjuar t\u00eb diagnostikimit.<\/div>\n<\/div>\n","protected":false},"excerpt":{"rendered":"<p>NGROHES AJRI PELET AERO 10, me nj\u00eb dizajn elegant dhe pamje t\u00eb thjesht\u00eb, p\u00ebrshtatet n\u00eb \u00e7do hap\u00ebsir\u00eb. Me kristal qeramike<\/p>\n","protected":false},"featured_media":3309,"template":"","meta":[],"product_cat":[357],"product_tag":[],"class_list":["post-3307","product","type-product","status-publish","has-post-thumbnail","hentry","product_cat-soba-me-pelet"],"_links":{"self":[{"href":"https:\/\/hidrosistem.al\/new\/wp-json\/wp\/v2\/product\/3307","targetHints":{"allow":["GET"]}}],"collection":[{"href":"https:\/\/hidrosistem.al\/new\/wp-json\/wp\/v2\/product"}],"about":[{"href":"https:\/\/hidrosistem.al\/new\/wp-json\/wp\/v2\/types\/product"}],"version-history":[{"count":2,"href":"https:\/\/hidrosistem.al\/new\/wp-json\/wp\/v2\/product\/3307\/revisions"}],"predecessor-version":[{"id":3312,"href":"https:\/\/hidrosistem.al\/new\/wp-json\/wp\/v2\/product\/3307\/revisions\/3312"}],"wp:featuredmedia":[{"embeddable":true,"href":"https:\/\/hidrosistem.al\/new\/wp-json\/wp\/v2\/media\/3309"}],"wp:attachment":[{"href":"https:\/\/hidrosistem.al\/new\/wp-json\/wp\/v2\/media?parent=3307"}],"wp:term":[{"taxonomy":"product_cat","embeddable":true,"href":"https:\/\/hidrosistem.al\/new\/wp-json\/wp\/v2\/product_cat?post=3307"},{"taxonomy":"product_tag","embeddable":true,"href":"https:\/\/hidrosistem.al\/new\/wp-json\/wp\/v2\/product_tag?post=3307"}],"curies":[{"name":"wp","href":"https:\/\/api.w.org\/{rel}","templated":true}]}}