{"id":3161,"date":"2023-09-22T06:35:53","date_gmt":"2023-09-22T06:35:53","guid":{"rendered":"https:\/\/hidrosistem.al\/new\/?post_type=product&#038;p=3161"},"modified":"2023-09-28T14:17:14","modified_gmt":"2023-09-28T14:17:14","slug":"fxkq-ma","status":"publish","type":"product","link":"https:\/\/hidrosistem.al\/new\/product\/fxkq-ma\/","title":{"rendered":"FXKQ-MA"},"content":{"rendered":"<p><strong>Nj\u00ebsi me fryrje n\u00eb 1 drejtim p\u00ebr instalim n\u00eb k\u00ebnd<\/strong><\/p>\n<ul>\n<li>P\u00ebrmasa kompakte, mund t\u00eb montohen me leht\u00ebsi n\u00eb nj\u00eb zbraz\u00ebti t\u00eb ngusht\u00eb n\u00eb tavan (nevojitet vet\u00ebm 220 mm hap\u00ebsir\u00eb n\u00eb tavan, 195 me distanciator paneli q\u00eb disponohet si aksesor)<\/li>\n<li>Kushtet optimale t\u00eb qarkullimit t\u00eb ajrit krijohen ose nga shkarkimi i ajrit p\u00ebr posht\u00eb, ose nga shkarkimi i ajrit p\u00ebrball\u00eb (n\u00ebp\u00ebrmjet gril\u00ebs opsionale) ose nga kombinimi i t\u00eb dyjave.<\/li>\n<li>Veprimet e mir\u00ebmbajtjes mund t\u00eb kryhen duke hequr panelin e p\u00ebrparm\u00eb<\/li>\n<li>Pompa standarde e kullimit me ngritje 330mm rrit fleksibilitetin dhe shpejt\u00ebsin\u00eb e instalimit<\/li>\n<\/ul>\n","protected":false},"excerpt":{"rendered":"<p>Nj\u00ebsi me fryrje n\u00eb 1 drejtim p\u00ebr instalim n\u00eb k\u00ebnd P\u00ebrmasa kompakte, mund t\u00eb montohen me leht\u00ebsi n\u00eb nj\u00eb zbraz\u00ebti<\/p>\n","protected":false},"featured_media":3159,"template":"","meta":[],"product_cat":[323,326,329],"product_tag":[],"class_list":["post-3161","product","type-product","status-publish","has-post-thumbnail","hentry","product_cat-sisteme-ngrohje-ftohje","product_cat-kondicionimi","product_cat-vrv"],"_links":{"self":[{"href":"https:\/\/hidrosistem.al\/new\/wp-json\/wp\/v2\/product\/3161","targetHints":{"allow":["GET"]}}],"collection":[{"href":"https:\/\/hidrosistem.al\/new\/wp-json\/wp\/v2\/product"}],"about":[{"href":"https:\/\/hidrosistem.al\/new\/wp-json\/wp\/v2\/types\/product"}],"version-history":[{"count":2,"href":"https:\/\/hidrosistem.al\/new\/wp-json\/wp\/v2\/product\/3161\/revisions"}],"predecessor-version":[{"id":3163,"href":"https:\/\/hidrosistem.al\/new\/wp-json\/wp\/v2\/product\/3161\/revisions\/3163"}],"wp:featuredmedia":[{"embeddable":true,"href":"https:\/\/hidrosistem.al\/new\/wp-json\/wp\/v2\/media\/3159"}],"wp:attachment":[{"href":"https:\/\/hidrosistem.al\/new\/wp-json\/wp\/v2\/media?parent=3161"}],"wp:term":[{"taxonomy":"product_cat","embeddable":true,"href":"https:\/\/hidrosistem.al\/new\/wp-json\/wp\/v2\/product_cat?post=3161"},{"taxonomy":"product_tag","embeddable":true,"href":"https:\/\/hidrosistem.al\/new\/wp-json\/wp\/v2\/product_tag?post=3161"}],"curies":[{"name":"wp","href":"https:\/\/api.w.org\/{rel}","templated":true}]}}