{"id":2503,"date":"2023-09-18T10:55:26","date_gmt":"2023-09-18T10:55:26","guid":{"rendered":"https:\/\/hidrosistem.al\/new\/?post_type=product&#038;p=2503"},"modified":"2023-09-28T14:16:48","modified_gmt":"2023-09-28T14:16:48","slug":"fxza-a","status":"publish","type":"product","link":"https:\/\/hidrosistem.al\/new\/product\/fxza-a\/","title":{"rendered":"FXZA-A"},"content":{"rendered":"<p><strong>Dizajn unik n\u00eb treg q\u00eb integrohet plot\u00ebsisht n\u00eb tavan.<\/strong><\/p>\n<ul>\n<li>Dizajn i optimizuar p\u00ebr agjentin ftoh\u00ebs R-32<\/li>\n<li>Integrim plot\u00ebsisht i puthitur n\u00eb pllakat standarde arkitekturore t\u00eb tavanit, duke l\u00ebn\u00eb vet\u00ebm 8 mm<\/li>\n<li>Shkrirje e ve\u00e7ant\u00eb e dizajnit ikonik dhe perfeksionit inxhinierik me nj\u00eb sip\u00ebrfaqe elegante n\u00eb ngjyr\u00eb t\u00eb bardh\u00eb ose kombinim i t\u00eb argjendt\u00ebs dhe ngjyr\u00ebs s\u00eb bardh\u00eb<\/li>\n<li>Dy sensor\u00eb inteligjent\u00eb opsional\u00eb rrisin efikasitetin e energjis\u00eb dhe komoditetin.<\/li>\n<li>Nj\u00ebsi e kategoris\u00eb 15 e zhvilluar n\u00eb m\u00ebnyr\u00eb t\u00eb ve\u00e7ant\u00eb p\u00ebr dhoma t\u00eb vogla ose t\u00eb izoluara mir\u00eb, si p\u00ebr shembull dhomat e hoteleve, zyrat e vogla, etj.<\/li>\n<li>Kontroll individual i kapakut: fleksibilitet p\u00ebr t&#8217;iu p\u00ebrshtatur \u00e7do plani dhome pa ndryshuar vendndodhjen e nj\u00ebsis\u00eb!<\/li>\n<li>Hyrja opsionale e ajrit t\u00eb fresk\u00ebt<\/li>\n<li>Pompa standarde e kullimit me ngritje 630mm rrit fleksibilitetin dhe shpejt\u00ebsin\u00eb e instalimit<\/li>\n<li>VRV-5<\/li>\n<\/ul>\n","protected":false},"excerpt":{"rendered":"<p>Dizajn unik n\u00eb treg q\u00eb integrohet plot\u00ebsisht n\u00eb tavan. Dizajn i optimizuar p\u00ebr agjentin ftoh\u00ebs R-32 Integrim plot\u00ebsisht i puthitur<\/p>\n","protected":false},"featured_media":2504,"template":"","meta":[],"product_cat":[329],"product_tag":[],"class_list":["post-2503","product","type-product","status-publish","has-post-thumbnail","hentry","product_cat-vrv"],"_links":{"self":[{"href":"https:\/\/hidrosistem.al\/new\/wp-json\/wp\/v2\/product\/2503","targetHints":{"allow":["GET"]}}],"collection":[{"href":"https:\/\/hidrosistem.al\/new\/wp-json\/wp\/v2\/product"}],"about":[{"href":"https:\/\/hidrosistem.al\/new\/wp-json\/wp\/v2\/types\/product"}],"version-history":[{"count":2,"href":"https:\/\/hidrosistem.al\/new\/wp-json\/wp\/v2\/product\/2503\/revisions"}],"predecessor-version":[{"id":2999,"href":"https:\/\/hidrosistem.al\/new\/wp-json\/wp\/v2\/product\/2503\/revisions\/2999"}],"wp:featuredmedia":[{"embeddable":true,"href":"https:\/\/hidrosistem.al\/new\/wp-json\/wp\/v2\/media\/2504"}],"wp:attachment":[{"href":"https:\/\/hidrosistem.al\/new\/wp-json\/wp\/v2\/media?parent=2503"}],"wp:term":[{"taxonomy":"product_cat","embeddable":true,"href":"https:\/\/hidrosistem.al\/new\/wp-json\/wp\/v2\/product_cat?post=2503"},{"taxonomy":"product_tag","embeddable":true,"href":"https:\/\/hidrosistem.al\/new\/wp-json\/wp\/v2\/product_tag?post=2503"}],"curies":[{"name":"wp","href":"https:\/\/api.w.org\/{rel}","templated":true}]}}