{"id":2471,"date":"2023-09-18T10:29:23","date_gmt":"2023-09-18T10:29:23","guid":{"rendered":"https:\/\/hidrosistem.al\/new\/?post_type=product&#038;p=2471"},"modified":"2023-09-21T11:26:59","modified_gmt":"2023-09-21T11:26:59","slug":"fxlq-p","status":"publish","type":"product","link":"https:\/\/hidrosistem.al\/new\/product\/fxlq-p\/","title":{"rendered":"FXLQ-P"},"content":{"rendered":"<p><strong>P\u00ebr kondicionim t\u00eb ajrit t\u00eb zon\u00ebs s\u00eb perimetrit<\/strong><\/p>\n<ul>\n<li>Nj\u00ebsia mund t\u00eb instalohet si nj\u00eb model q\u00eb q\u00ebndron i pavarur n\u00eb k\u00ebmb\u00eb n\u00ebp\u00ebrmjet p\u00ebrdorimit t\u00eb pllak\u00ebs mbajt\u00ebse opsionale t\u00eb pasme<\/li>\n<li>Lart\u00ebsia e ul\u00ebt mund\u00ebson q\u00eb nj\u00ebsia t\u00eb p\u00ebrshtatet n\u00ebn nj\u00eb dritare<\/li>\n<li>Kutia me stil modern, me lust\u00ebr n\u00eb ngjyr\u00eb t\u00eb bardh\u00eb t\u00eb past\u00ebr (RAL9010) dhe gri metali (RAL7012) nd\u00ebrthuret leht\u00ebsisht me \u00e7do ambient t\u00eb brendsh\u00ebm<\/li>\n<li>K\u00ebrkon shum\u00eb pak hap\u00ebsir\u00eb instalimi<\/li>\n<li>Instalimi i montuar n\u00eb mur leht\u00ebson pastrimin posht\u00eb nj\u00ebsis\u00eb, ku tenton t\u00eb grumbullohet pluhuri<\/li>\n<li>Telekomanda me tela mund t\u00eb integrohet leht\u00ebsisht brenda nj\u00ebsis\u00eb<\/li>\n<li>VRV-4<\/li>\n<\/ul>\n","protected":false},"excerpt":{"rendered":"<p>P\u00ebr kondicionim t\u00eb ajrit t\u00eb zon\u00ebs s\u00eb perimetrit Nj\u00ebsia mund t\u00eb instalohet si nj\u00eb model q\u00eb q\u00ebndron i pavarur n\u00eb<\/p>\n","protected":false},"featured_media":2472,"template":"","meta":[],"product_cat":[329],"product_tag":[],"class_list":["post-2471","product","type-product","status-publish","has-post-thumbnail","hentry","product_cat-vrv"],"_links":{"self":[{"href":"https:\/\/hidrosistem.al\/new\/wp-json\/wp\/v2\/product\/2471","targetHints":{"allow":["GET"]}}],"collection":[{"href":"https:\/\/hidrosistem.al\/new\/wp-json\/wp\/v2\/product"}],"about":[{"href":"https:\/\/hidrosistem.al\/new\/wp-json\/wp\/v2\/types\/product"}],"version-history":[{"count":4,"href":"https:\/\/hidrosistem.al\/new\/wp-json\/wp\/v2\/product\/2471\/revisions"}],"predecessor-version":[{"id":3005,"href":"https:\/\/hidrosistem.al\/new\/wp-json\/wp\/v2\/product\/2471\/revisions\/3005"}],"wp:featuredmedia":[{"embeddable":true,"href":"https:\/\/hidrosistem.al\/new\/wp-json\/wp\/v2\/media\/2472"}],"wp:attachment":[{"href":"https:\/\/hidrosistem.al\/new\/wp-json\/wp\/v2\/media?parent=2471"}],"wp:term":[{"taxonomy":"product_cat","embeddable":true,"href":"https:\/\/hidrosistem.al\/new\/wp-json\/wp\/v2\/product_cat?post=2471"},{"taxonomy":"product_tag","embeddable":true,"href":"https:\/\/hidrosistem.al\/new\/wp-json\/wp\/v2\/product_tag?post=2471"}],"curies":[{"name":"wp","href":"https:\/\/api.w.org\/{rel}","templated":true}]}}