{"id":2418,"date":"2023-09-18T09:51:13","date_gmt":"2023-09-18T09:51:13","guid":{"rendered":"https:\/\/hidrosistem.al\/new\/?post_type=product&#038;p=2418"},"modified":"2023-09-21T11:26:39","modified_gmt":"2023-09-21T11:26:39","slug":"fxaq-a","status":"publish","type":"product","link":"https:\/\/hidrosistem.al\/new\/product\/fxaq-a\/","title":{"rendered":"FXAQ-A"},"content":{"rendered":"<p><strong>P\u00ebr dhomat pa tavane t\u00eb varura dhe pa hap\u00ebsir\u00eb t\u00eb lir\u00eb n\u00eb dysheme<\/strong><\/p>\n<ul>\n<li>Paneli ballor i shesht\u00eb dhe me stil shkrihet me \u00e7do lloj dekori t\u00eb brendsh\u00ebm dhe \u00ebsht\u00eb m\u00eb i leht\u00eb p\u00ebr t&#8217;u pastruar<\/li>\n<li>Mund t\u00eb montohet me leht\u00ebsi si n\u00eb projektet e reja, ashtu dhe n\u00eb projektet e rinovimit<\/li>\n<li>Ajri shp\u00ebrndahet leht\u00ebsisht lart dhe posht\u00eb fal\u00eb 5 k\u00ebndeve t\u00eb ndryshme t\u00eb shkarkimit q\u00eb mund t\u00eb programohen n\u00ebp\u00ebrmjet telekomand\u00ebs<\/li>\n<li>Konsum i reduktuar i energjis\u00eb fal\u00eb motorit me ventilator DC t\u00eb projektuar n\u00eb m\u00ebnyr\u00eb specifike<\/li>\n<li>Funksionet e mir\u00ebmbajtjes mund t\u00eb kryhen leht\u00eb nga pjesa e p\u00ebrparme e nj\u00ebsis\u00eb<\/li>\n<li>VRV-4<\/li>\n<\/ul>\n","protected":false},"excerpt":{"rendered":"<p>P\u00ebr dhomat pa tavane t\u00eb varura dhe pa hap\u00ebsir\u00eb t\u00eb lir\u00eb n\u00eb dysheme Paneli ballor i shesht\u00eb dhe me stil<\/p>\n","protected":false},"featured_media":2419,"template":"","meta":[],"product_cat":[329],"product_tag":[],"class_list":["post-2418","product","type-product","status-publish","has-post-thumbnail","hentry","product_cat-vrv"],"_links":{"self":[{"href":"https:\/\/hidrosistem.al\/new\/wp-json\/wp\/v2\/product\/2418","targetHints":{"allow":["GET"]}}],"collection":[{"href":"https:\/\/hidrosistem.al\/new\/wp-json\/wp\/v2\/product"}],"about":[{"href":"https:\/\/hidrosistem.al\/new\/wp-json\/wp\/v2\/types\/product"}],"version-history":[{"count":2,"href":"https:\/\/hidrosistem.al\/new\/wp-json\/wp\/v2\/product\/2418\/revisions"}],"predecessor-version":[{"id":3003,"href":"https:\/\/hidrosistem.al\/new\/wp-json\/wp\/v2\/product\/2418\/revisions\/3003"}],"wp:featuredmedia":[{"embeddable":true,"href":"https:\/\/hidrosistem.al\/new\/wp-json\/wp\/v2\/media\/2419"}],"wp:attachment":[{"href":"https:\/\/hidrosistem.al\/new\/wp-json\/wp\/v2\/media?parent=2418"}],"wp:term":[{"taxonomy":"product_cat","embeddable":true,"href":"https:\/\/hidrosistem.al\/new\/wp-json\/wp\/v2\/product_cat?post=2418"},{"taxonomy":"product_tag","embeddable":true,"href":"https:\/\/hidrosistem.al\/new\/wp-json\/wp\/v2\/product_tag?post=2418"}],"curies":[{"name":"wp","href":"https:\/\/api.w.org\/{rel}","templated":true}]}}