{"id":2379,"date":"2023-09-18T00:20:37","date_gmt":"2023-09-18T00:20:37","guid":{"rendered":"https:\/\/hidrosistem.al\/new\/?post_type=product&#038;p=2379"},"modified":"2023-09-28T13:54:02","modified_gmt":"2023-09-28T13:54:02","slug":"fwv-dat","status":"publish","type":"product","link":"https:\/\/hidrosistem.al\/new\/product\/fwv-dat\/","title":{"rendered":"FWV-DAT"},"content":{"rendered":"<p><strong>Nj\u00ebsi me motor ventilatori AC p\u00ebr montim vertikal<\/strong><\/p>\n<ul>\n<li>Sistem i shpejt\u00eb mb\u00ebrthimi p\u00ebr instalimin me montim n\u00eb mur<\/li>\n<li>Lidhje t\u00eb shpejta p\u00ebr opsionet elektrike: veglat nuk jan\u00eb t\u00eb nevojshme.<\/li>\n<li>Filteri i ajrit mund t\u00eb hiqet leht\u00ebsisht p\u00ebr t&#8217;u pastruar.<\/li>\n<li>Ngroh\u00ebsi elektrik: asnj\u00eb rele me kapacitet deri n\u00eb 2 kW<\/li>\n<li>Ngroh\u00ebsi elektrik: i pajisur me dy termostat\u00eb q\u00eb nd\u00ebrpresin mbinxehjen<\/li>\n<li>Disponohen valvula t\u00eb paramontuara n\u00eb 3 drejtime\/4 porte p\u00ebr ndezje\/fikje.<\/li>\n<li>Paketat e valvulave jan\u00eb t\u00eb izoluara, nuk nevojiten panele kullimi shtes\u00eb<\/li>\n<li>Paketat e valvulave p\u00ebrmbajn\u00eb valvula balancimi dhe fole sensor\u00ebsh<\/li>\n<\/ul>\n","protected":false},"excerpt":{"rendered":"<p>Nj\u00ebsi me motor ventilatori AC p\u00ebr montim vertikal Sistem i shpejt\u00eb mb\u00ebrthimi p\u00ebr instalimin me montim n\u00eb mur Lidhje t\u00eb<\/p>\n","protected":false},"featured_media":2380,"template":"","meta":[],"product_cat":[345,338],"product_tag":[],"class_list":["post-2379","product","type-product","status-publish","has-post-thumbnail","hentry","product_cat-sistem-chiller","product_cat-chiller-fan-coil"],"_links":{"self":[{"href":"https:\/\/hidrosistem.al\/new\/wp-json\/wp\/v2\/product\/2379","targetHints":{"allow":["GET"]}}],"collection":[{"href":"https:\/\/hidrosistem.al\/new\/wp-json\/wp\/v2\/product"}],"about":[{"href":"https:\/\/hidrosistem.al\/new\/wp-json\/wp\/v2\/types\/product"}],"version-history":[{"count":2,"href":"https:\/\/hidrosistem.al\/new\/wp-json\/wp\/v2\/product\/2379\/revisions"}],"predecessor-version":[{"id":2389,"href":"https:\/\/hidrosistem.al\/new\/wp-json\/wp\/v2\/product\/2379\/revisions\/2389"}],"wp:featuredmedia":[{"embeddable":true,"href":"https:\/\/hidrosistem.al\/new\/wp-json\/wp\/v2\/media\/2380"}],"wp:attachment":[{"href":"https:\/\/hidrosistem.al\/new\/wp-json\/wp\/v2\/media?parent=2379"}],"wp:term":[{"taxonomy":"product_cat","embeddable":true,"href":"https:\/\/hidrosistem.al\/new\/wp-json\/wp\/v2\/product_cat?post=2379"},{"taxonomy":"product_tag","embeddable":true,"href":"https:\/\/hidrosistem.al\/new\/wp-json\/wp\/v2\/product_tag?post=2379"}],"curies":[{"name":"wp","href":"https:\/\/api.w.org\/{rel}","templated":true}]}}