{"id":2105,"date":"2023-09-15T10:07:35","date_gmt":"2023-09-15T10:07:35","guid":{"rendered":"https:\/\/hidrosistem.al\/new\/?post_type=product&#038;p=2105"},"modified":"2023-09-28T13:22:08","modified_gmt":"2023-09-28T13:22:08","slug":"kondicioner-stylish","status":"publish","type":"product","link":"https:\/\/hidrosistem.al\/new\/product\/kondicioner-stylish\/","title":{"rendered":"Kondicioner Stylish FTXA-AW\/BS\/BT\/BB + RXA-A9"},"content":{"rendered":"<ul>\n<li>Nj\u00eb dizajn kompakt dhe funksional i p\u00ebrshtatsh\u00ebm p\u00ebr \u00e7do enterier n\u00eb finitur\u00eb t\u00eb kristalt\u00eb mat t\u00eb bardh\u00eb<\/li>\n<li>Efekti \u201ckoanda\u201d optimizon qarkullimin e ajrit p\u00ebr klim\u00eb komode. Duke p\u00ebrdorur flet\u00eb t\u00eb projektuara n\u00eb m\u00ebnyr\u00eb t\u00eb posa\u00e7me, nj\u00eb qarkullim ajri m\u00eb i p\u00ebrqendruar lejon shp\u00ebrndarje m\u00eb t\u00eb mir\u00eb t\u00eb temperatur\u00ebs n\u00eb t\u00eb gjith\u00eb dhom\u00ebn<\/li>\n<li>Sensori termik inteligjent p\u00ebrcakton temperatur\u00ebn aktuale t\u00eb dhom\u00ebs dhe e shp\u00ebrndan ajrin nj\u00ebtrajt\u00ebsisht n\u00ebp\u00ebr dhom\u00eb p\u00ebrpara se t\u00eb kaloj\u00eb n\u00eb nj\u00eb motiv qarkullimi ajri q\u00eb e drejton ajrin e ngroht\u00eb ose t\u00eb ftoht\u00eb n\u00eb zonat q\u00eb kan\u00eb nevoj\u00eb p\u00ebr t\u00eb<\/li>\n<li>Funksionim i qet\u00eb si p\u00ebshp\u00ebrim\u00eb: nj\u00ebsia me zor mund t\u00eb d\u00ebgjohet se punon. Niveli i presionit t\u00eb z\u00ebrit ulet n\u00eb 19dBA !<\/li>\n<li>Vlera sezonaliteti sezonal deri n\u00eb A+++ n\u00eb ftohje dhe ngrohje fal\u00eb teknologjis\u00eb moderne dhe sistemeve inteligjente t\u00eb integruara.<\/li>\n<li>Duke p\u00ebrdorur elektronet p\u00ebr t\u00eb nxitur reaksionet kimike me grimcat n\u00eb aj\u00ebr, Flash Streamer zb\u00ebrthen alergjen\u00ebt e till\u00eb si poleni dhe alergjen\u00ebt fungal\u00eb, si dhe heq aromat e bezdisshme duke ofruar nj\u00eb aj\u00ebr m\u00eb t\u00eb mir\u00eb dhe m\u00eb t\u00eb past\u00ebr<\/li>\n<li>Daikin Residential Controller: kontrolloni nj\u00ebsin\u00eb tuaj t\u00eb brendshme nga \u00e7do vendndodhje me aplikacion, p\u00ebrmes rrjetit lokal ose internetit.<\/li>\n<li>Komand\u00eb zanore p\u00ebrmes Amazon Alexa ose Google Assistant p\u00ebr t\u00eb kontrolluar funksionet kryesore t\u00eb tilla si vlera e caktuar, regjimi i funksionimit, shpejt\u00ebsia e ventilatorit etj.<\/li>\n<li>Zgjedhja e nj\u00eb produkti R-32 ul ndikimin n\u00eb mjedis me 68% krahasuar me R-410A dhe sjell direkt konsumim m\u00eb t\u00eb ul\u00ebt t\u00eb energjis\u00eb fal\u00eb efikasitet t\u00eb tij t\u00eb lart\u00eb n\u00eb energji<\/li>\n<\/ul>\n","protected":false},"excerpt":{"rendered":"<p>Nj\u00eb dizajn kompakt dhe funksional i p\u00ebrshtatsh\u00ebm p\u00ebr \u00e7do enterier n\u00eb finitur\u00eb t\u00eb kristalt\u00eb mat t\u00eb bardh\u00eb Efekti \u201ckoanda\u201d optimizon<\/p>\n","protected":false},"featured_media":2106,"template":"","meta":[],"product_cat":[323,326,327,328],"product_tag":[],"class_list":["post-2105","product","type-product","status-publish","has-post-thumbnail","hentry","product_cat-sisteme-ngrohje-ftohje","product_cat-kondicionimi","product_cat-mono-split","product_cat-multi-split"],"_links":{"self":[{"href":"https:\/\/hidrosistem.al\/new\/wp-json\/wp\/v2\/product\/2105","targetHints":{"allow":["GET"]}}],"collection":[{"href":"https:\/\/hidrosistem.al\/new\/wp-json\/wp\/v2\/product"}],"about":[{"href":"https:\/\/hidrosistem.al\/new\/wp-json\/wp\/v2\/types\/product"}],"version-history":[{"count":4,"href":"https:\/\/hidrosistem.al\/new\/wp-json\/wp\/v2\/product\/2105\/revisions"}],"predecessor-version":[{"id":4416,"href":"https:\/\/hidrosistem.al\/new\/wp-json\/wp\/v2\/product\/2105\/revisions\/4416"}],"wp:featuredmedia":[{"embeddable":true,"href":"https:\/\/hidrosistem.al\/new\/wp-json\/wp\/v2\/media\/2106"}],"wp:attachment":[{"href":"https:\/\/hidrosistem.al\/new\/wp-json\/wp\/v2\/media?parent=2105"}],"wp:term":[{"taxonomy":"product_cat","embeddable":true,"href":"https:\/\/hidrosistem.al\/new\/wp-json\/wp\/v2\/product_cat?post=2105"},{"taxonomy":"product_tag","embeddable":true,"href":"https:\/\/hidrosistem.al\/new\/wp-json\/wp\/v2\/product_tag?post=2105"}],"curies":[{"name":"wp","href":"https:\/\/api.w.org\/{rel}","templated":true}]}}