{"id":13587,"date":"2025-12-03T15:10:19","date_gmt":"2025-12-03T15:10:19","guid":{"rendered":"https:\/\/hidrosistem.al\/new\/?post_type=product&#038;p=13587"},"modified":"2025-12-03T15:11:30","modified_gmt":"2025-12-03T15:11:30","slug":"bide-roca-nexo","status":"publish","type":"product","link":"https:\/\/hidrosistem.al\/new\/product\/bide-roca-nexo\/","title":{"rendered":"Bide Roca Nexo"},"content":{"rendered":"<p><span data-sheets-value=\"{&quot;1&quot;:2,&quot;2&quot;:&quot;Koleksioni Nexo : Dy objektiva n\u00eb dukje kontradiktore, konvergojn\u00eb n\u00eb harmoni n\u00eb k\u00ebt\u00eb koleksion: estetika dhe ekonomia. Copa t\u00eb punuara n\u00eb disa dimensione n\u00eb m\u00ebnyr\u00eb q\u00eb t\u00eb p\u00ebrshtaten me t\u00eb gjitha hap\u00ebsirat. Nj\u00eb dizajn bashk\u00ebkohor dhe me proporcion t\u00eb p\u00ebrsosur q\u00eb p\u00ebrzihet n\u00eb m\u00ebnyr\u00eb delikate n\u00eb t\u00eb gjitha llojet e hap\u00ebsirave.&quot;}\" data-sheets-userformat=\"{&quot;2&quot;:513,&quot;3&quot;:{&quot;1&quot;:0},&quot;12&quot;:0}\">Koleksioni Nexo: Bide me form\u00eb t\u00eb rrumbullak\u00ebt dhe n\u00eb ngjyr\u00eb t\u00eb bardh\u00eb. P\u00ebrshtatet t\u00ebr\u00ebsisht me strukturat e montimit muror. Zgjidhje ideale p\u00ebr ambiente tualeti q\u00eb k\u00ebrkojn\u00eb linja t\u00eb pastra, instalim muror t\u00eb kompakt, dhe pamje estetike t\u00eb qet\u00eb.<br \/>\n<\/span><br \/>\nKodi i produktit ne ROCA : <span data-sheets-value=\"{&quot;1&quot;:2,&quot;2&quot;:&quot;A347615000&quot;}\" data-sheets-userformat=\"{&quot;2&quot;:12929,&quot;3&quot;:{&quot;1&quot;:0},&quot;10&quot;:2,&quot;12&quot;:0,&quot;15&quot;:&quot;Calibri&quot;,&quot;16&quot;:12}\">A357640000<\/span><span data-sheets-value=\"{&quot;1&quot;:2,&quot;2&quot;:&quot;A327641000&quot;}\" data-sheets-userformat=\"{&quot;2&quot;:12929,&quot;3&quot;:{&quot;1&quot;:0},&quot;10&quot;:2,&quot;12&quot;:0,&quot;15&quot;:&quot;Calibri&quot;,&quot;16&quot;:12}\"><\/p>\n<p><\/span><\/p>\n","protected":false},"excerpt":{"rendered":"<p>Koleksioni Nexo: Bide me form\u00eb t\u00eb rrumbullak\u00ebt dhe n\u00eb ngjyr\u00eb t\u00eb bardh\u00eb. P\u00ebrshtatet t\u00ebr\u00ebsisht me strukturat e montimit muror. Zgjidhje<\/p>\n","protected":false},"featured_media":13588,"template":"","meta":[],"product_cat":[340,466,468],"product_tag":[],"class_list":["post-13587","product","type-product","status-publish","has-post-thumbnail","hentry","product_cat-hidrosanitare","product_cat-sanitare","product_cat-bide"],"_links":{"self":[{"href":"https:\/\/hidrosistem.al\/new\/wp-json\/wp\/v2\/product\/13587","targetHints":{"allow":["GET"]}}],"collection":[{"href":"https:\/\/hidrosistem.al\/new\/wp-json\/wp\/v2\/product"}],"about":[{"href":"https:\/\/hidrosistem.al\/new\/wp-json\/wp\/v2\/types\/product"}],"version-history":[{"count":1,"href":"https:\/\/hidrosistem.al\/new\/wp-json\/wp\/v2\/product\/13587\/revisions"}],"predecessor-version":[{"id":13589,"href":"https:\/\/hidrosistem.al\/new\/wp-json\/wp\/v2\/product\/13587\/revisions\/13589"}],"wp:featuredmedia":[{"embeddable":true,"href":"https:\/\/hidrosistem.al\/new\/wp-json\/wp\/v2\/media\/13588"}],"wp:attachment":[{"href":"https:\/\/hidrosistem.al\/new\/wp-json\/wp\/v2\/media?parent=13587"}],"wp:term":[{"taxonomy":"product_cat","embeddable":true,"href":"https:\/\/hidrosistem.al\/new\/wp-json\/wp\/v2\/product_cat?post=13587"},{"taxonomy":"product_tag","embeddable":true,"href":"https:\/\/hidrosistem.al\/new\/wp-json\/wp\/v2\/product_tag?post=13587"}],"curies":[{"name":"wp","href":"https:\/\/api.w.org\/{rel}","templated":true}]}}